{"id":162,"date":"2016-02-07T11:49:23","date_gmt":"2016-02-07T10:49:23","guid":{"rendered":"https:\/\/krets.jagareforbundet.se\/lillaedet\/?page_id=162"},"modified":"2022-05-11T20:41:44","modified_gmt":"2022-05-11T18:41:44","slug":"utbildningar","status":"publish","type":"page","link":"https:\/\/krets.jagareforbundet.se\/trollhattanlillaedet\/utbildningar\/","title":{"rendered":"Utbildningar"},"content":{"rendered":"<p>&nbsp;<\/p>\n<p>F\u00f6ljande utbildningar erbjuds av Svenska J\u00e4garef\u00f6rbundet i V\u00e4stra G\u00f6taland i samverkan med Studiefr\u00e4mjandet:<\/p>\n<p><a href=\"https:\/\/jagareforbundet.se\/utbildning\/kurser\/\">https:\/\/jagareforbundet.se\/utbildning\/kurser\/<\/a><\/p>\n<p>&nbsp;<\/p>\n<p>&nbsp;<\/p>\n<p>&nbsp;<\/p>\n","protected":false},"excerpt":{"rendered":"<p>&nbsp; F\u00f6ljande utbildningar erbjuds av Svenska J\u00e4garef\u00f6rbundet i V\u00e4stra G\u00f6taland i samverkan med Studiefr\u00e4mjandet: https:\/\/jagareforbundet.se\/utbildning\/kurser\/ &nbsp; &nbsp; &nbsp;<\/p>\n","protected":false},"author":239,"featured_media":0,"parent":0,"menu_order":7,"comment_status":"closed","ping_status":"closed","template":"","meta":{"jetpack_post_was_ever_published":false,"footnotes":""},"class_list":["post-162","page","type-page","status-publish","hentry"],"_links":{"self":[{"href":"https:\/\/krets.jagareforbundet.se\/trollhattanlillaedet\/wp-json\/wp\/v2\/pages\/162","targetHints":{"allow":["GET"]}}],"collection":[{"href":"https:\/\/krets.jagareforbundet.se\/trollhattanlillaedet\/wp-json\/wp\/v2\/pages"}],"about":[{"href":"https:\/\/krets.jagareforbundet.se\/trollhattanlillaedet\/wp-json\/wp\/v2\/types\/page"}],"author":[{"embeddable":true,"href":"https:\/\/krets.jagareforbundet.se\/trollhattanlillaedet\/wp-json\/wp\/v2\/users\/239"}],"replies":[{"embeddable":true,"href":"https:\/\/krets.jagareforbundet.se\/trollhattanlillaedet\/wp-json\/wp\/v2\/comments?post=162"}],"version-history":[{"count":3,"href":"https:\/\/krets.jagareforbundet.se\/trollhattanlillaedet\/wp-json\/wp\/v2\/pages\/162\/revisions"}],"predecessor-version":[{"id":354,"href":"https:\/\/krets.jagareforbundet.se\/trollhattanlillaedet\/wp-json\/wp\/v2\/pages\/162\/revisions\/354"}],"wp:attachment":[{"href":"https:\/\/krets.jagareforbundet.se\/trollhattanlillaedet\/wp-json\/wp\/v2\/media?parent=162"}],"curies":[{"name":"wp","href":"https:\/\/api.w.org\/{rel}","templated":true}]}}