{"id":120,"date":"2013-05-21T14:30:22","date_gmt":"2013-05-21T12:30:22","guid":{"rendered":"https:\/\/krets.jagareforbundet.se\/uddevallanejden\/?page_id=120"},"modified":"2025-03-12T12:31:33","modified_gmt":"2025-03-12T11:31:33","slug":"styrelse","status":"publish","type":"page","link":"https:\/\/krets.jagareforbundet.se\/uddevallanejden\/styrelse\/","title":{"rendered":"Styrelse"},"content":{"rendered":"<h2>Styrelsen<\/h2>\n<p><strong>Ordf\u00f6rande<br \/>\n<\/strong>Matthias Andersson<\/p>\n<p><a href=\"mailto:uddevallajakt@gmail.com\">uddevallajakt@gmail.com<\/a><\/p>\n<p><strong>Vice ordf\u00f6rande<br \/>\n<\/strong>Ronny Johansson<\/p>\n<p><strong>Sekreterare<br \/>\n<\/strong>Martin Pettersson<br \/>\n<strong><br \/>\nKass\u00f6r<br \/>\n<\/strong>Robin Pettersson<\/p>\n<p><strong>Ledam\u00f6ter<br \/>\n<\/strong>Wictor Herling<br \/>\n-ungdomsansvarig<\/p>\n<p>Jan Hermansson<\/p>\n<p>Andr\u00e9 J\u00e4gerev<\/p>\n<p><strong>Suppleanter<br \/>\n<\/strong>Klas Abrahamsson<\/p>\n<p>Linnea Joelsson<\/p>\n<p><strong style=\"line-height: 1.5em\">Revisorer<br \/>\n<\/strong>Markus Utter<\/p>\n<p>Krzysztof Swiniarski<b><\/b><\/p>\n<p><strong>Valberedning<\/strong><\/p>\n<p>Sammankallande Markus Utter<br \/>\n<strong><br \/>\n<\/strong>H\u00e5kan Rhinebo<br \/>\n<strong><br \/>\n<\/strong>Ken Johansson<\/p>\n<p>&nbsp;<\/p>\n<p>&nbsp;<\/p>\n<p>&nbsp;<\/p>\n<p>&nbsp;<\/p>\n","protected":false},"excerpt":{"rendered":"<p>Styrelsen Ordf\u00f6rande Matthias Andersson uddevallajakt@gmail.com Vice ordf\u00f6rande Ronny Johansson Sekreterare Martin Pettersson Kass\u00f6r Robin Pettersson Ledam\u00f6ter Wictor Herling -ungdomsansvarig Jan Hermansson Andr\u00e9 J\u00e4gerev Suppleanter Klas Abrahamsson Linnea Joelsson Revisorer Markus Utter Krzysztof Swiniarski Valberedning Sammankallande Markus Utter H\u00e5kan Rhinebo Ken Johansson &nbsp; &nbsp; &nbsp; &nbsp;<\/p>\n","protected":false},"author":116,"featured_media":0,"parent":0,"menu_order":10,"comment_status":"open","ping_status":"open","template":"","meta":{"footnotes":""},"class_list":["post-120","page","type-page","status-publish","hentry"],"_links":{"self":[{"href":"https:\/\/krets.jagareforbundet.se\/uddevallanejden\/wp-json\/wp\/v2\/pages\/120","targetHints":{"allow":["GET"]}}],"collection":[{"href":"https:\/\/krets.jagareforbundet.se\/uddevallanejden\/wp-json\/wp\/v2\/pages"}],"about":[{"href":"https:\/\/krets.jagareforbundet.se\/uddevallanejden\/wp-json\/wp\/v2\/types\/page"}],"author":[{"embeddable":true,"href":"https:\/\/krets.jagareforbundet.se\/uddevallanejden\/wp-json\/wp\/v2\/users\/116"}],"replies":[{"embeddable":true,"href":"https:\/\/krets.jagareforbundet.se\/uddevallanejden\/wp-json\/wp\/v2\/comments?post=120"}],"version-history":[{"count":3,"href":"https:\/\/krets.jagareforbundet.se\/uddevallanejden\/wp-json\/wp\/v2\/pages\/120\/revisions"}],"predecessor-version":[{"id":533,"href":"https:\/\/krets.jagareforbundet.se\/uddevallanejden\/wp-json\/wp\/v2\/pages\/120\/revisions\/533"}],"wp:attachment":[{"href":"https:\/\/krets.jagareforbundet.se\/uddevallanejden\/wp-json\/wp\/v2\/media?parent=120"}],"curies":[{"name":"wp","href":"https:\/\/api.w.org\/{rel}","templated":true}]}}