{"id":186,"date":"2013-05-28T21:00:55","date_gmt":"2013-05-28T19:00:55","guid":{"rendered":"https:\/\/krets.jagareforbundet.se\/uddevallanejden\/?page_id=186"},"modified":"2025-09-02T17:49:06","modified_gmt":"2025-09-02T15:49:06","slug":"ungdom","status":"publish","type":"page","link":"https:\/\/krets.jagareforbundet.se\/uddevallanejden\/ungdom\/","title":{"rendered":"Ungdom"},"content":{"rendered":"<h3><\/h3>\n<hr \/>\n<p><b>Wictor Herling <\/b>\u00e4r ungdomsansvarig.<\/p>\n<p>Ungdomar \u00e4r v\u00e4lkomna att anm\u00e4la sig till uppsiktsjakt p\u00e5 av kretsens arrangerade jakter.<\/p>\n<p><a href=\"https:\/\/krets.jagareforbundet.se\/uddevallanejden\/files\/2021\/01\/algjakt3.jpg\"><img loading=\"lazy\" decoding=\"async\" class=\"aligncenter size-medium wp-image-406\" src=\"https:\/\/krets.jagareforbundet.se\/uddevallanejden\/files\/2021\/01\/algjakt3-300x300.jpg\" alt=\"\" width=\"300\" height=\"300\" srcset=\"https:\/\/krets.jagareforbundet.se\/uddevallanejden\/files\/2021\/01\/algjakt3-300x300.jpg 300w, https:\/\/krets.jagareforbundet.se\/uddevallanejden\/files\/2021\/01\/algjakt3-1024x1024.jpg 1024w, https:\/\/krets.jagareforbundet.se\/uddevallanejden\/files\/2021\/01\/algjakt3-150x150.jpg 150w, https:\/\/krets.jagareforbundet.se\/uddevallanejden\/files\/2021\/01\/algjakt3-768x768.jpg 768w, https:\/\/krets.jagareforbundet.se\/uddevallanejden\/files\/2021\/01\/algjakt3.jpg 1080w\" sizes=\"auto, (max-width: 300px) 100vw, 300px\" \/><\/a><\/p>\n","protected":false},"excerpt":{"rendered":"<p>Wictor Herling \u00e4r ungdomsansvarig. Ungdomar \u00e4r v\u00e4lkomna att anm\u00e4la sig till uppsiktsjakt p\u00e5 av kretsens arrangerade jakter.<\/p>\n","protected":false},"author":116,"featured_media":0,"parent":0,"menu_order":10,"comment_status":"open","ping_status":"open","template":"","meta":{"footnotes":""},"class_list":["post-186","page","type-page","status-publish","hentry"],"_links":{"self":[{"href":"https:\/\/krets.jagareforbundet.se\/uddevallanejden\/wp-json\/wp\/v2\/pages\/186","targetHints":{"allow":["GET"]}}],"collection":[{"href":"https:\/\/krets.jagareforbundet.se\/uddevallanejden\/wp-json\/wp\/v2\/pages"}],"about":[{"href":"https:\/\/krets.jagareforbundet.se\/uddevallanejden\/wp-json\/wp\/v2\/types\/page"}],"author":[{"embeddable":true,"href":"https:\/\/krets.jagareforbundet.se\/uddevallanejden\/wp-json\/wp\/v2\/users\/116"}],"replies":[{"embeddable":true,"href":"https:\/\/krets.jagareforbundet.se\/uddevallanejden\/wp-json\/wp\/v2\/comments?post=186"}],"version-history":[{"count":3,"href":"https:\/\/krets.jagareforbundet.se\/uddevallanejden\/wp-json\/wp\/v2\/pages\/186\/revisions"}],"predecessor-version":[{"id":544,"href":"https:\/\/krets.jagareforbundet.se\/uddevallanejden\/wp-json\/wp\/v2\/pages\/186\/revisions\/544"}],"wp:attachment":[{"href":"https:\/\/krets.jagareforbundet.se\/uddevallanejden\/wp-json\/wp\/v2\/media?parent=186"}],"curies":[{"name":"wp","href":"https:\/\/api.w.org\/{rel}","templated":true}]}}