{"id":213,"date":"2018-03-18T17:38:27","date_gmt":"2018-03-18T16:38:27","guid":{"rendered":"https:\/\/krets.jagareforbundet.se\/vaggeryds\/?page_id=213"},"modified":"2023-08-20T15:34:23","modified_gmt":"2023-08-20T13:34:23","slug":"arkiv","status":"publish","type":"page","link":"https:\/\/krets.jagareforbundet.se\/vaggeryds\/arkiv\/","title":{"rendered":"Skytte"},"content":{"rendered":"<h1>Aktuell:<\/h1>\n<hr \/>\n<p>11-13 Augusti 2023 organiserades J\u00e4garSM 2023 i olika klasser p\u00e5 skjutbanorna i Skillingaryd och Hok.<\/p>\n<p><a href=\"https:\/\/www.facebook.com\/HookortensJaktvardsforening\/posts\/pfbid0YL8mZR5QKtZ7BBRBhnWLHBAaNxDeWN3xHyEwnbJhg6iNZWE7yi12GdC7ZUMFLXD8l\" target=\"_blank\" rel=\"noopener\"><strong>Resultat fredag 11 augusti: juniorer, damer, oldboys och veteraner.<\/strong><\/a> (l\u00e4nk till Facebook)<\/p>\n<p><strong><a href=\"https:\/\/www.facebook.com\/HookortensJaktvardsforening\/posts\/pfbid02CyLwUZkJKoUANWKxhBfTMsYKiS8dhBFKXqabN43LGhtqwKAPJ2MaiveF2VrYfru7l\" target=\"_blank\" rel=\"noopener\">Resultat 12-13 augusti 2023 <\/a><a href=\"https:\/\/www.facebook.com\/HookortensJaktvardsforening\/posts\/pfbid02CyLwUZkJKoUANWKxhBfTMsYKiS8dhBFKXqabN43LGhtqwKAPJ2MaiveF2VrYfru7l\" target=\"_blank\" rel=\"noopener\">\u00f6ppen klass <\/a><a href=\"https:\/\/www.facebook.com\/HookortensJaktvardsforening\/posts\/pfbid02CyLwUZkJKoUANWKxhBfTMsYKiS8dhBFKXqabN43LGhtqwKAPJ2MaiveF2VrYfru7l\" target=\"_blank\" rel=\"noopener\">.<\/a> <\/strong>(l\u00e4nk till Facebook)<\/p>\n<p>Fantastiska filmer (fr\u00e5n Micaela Wiss): <a href=\"https:\/\/fb.watch\/mxOpcJKCp2\/\" target=\"_blank\" rel=\"noopener\">fredag<\/a>, <a href=\"https:\/\/fb.watch\/mxOPfoce0C\/\" target=\"_blank\" rel=\"noopener\">l\u00f6rdag<\/a> och <a href=\"https:\/\/fb.watch\/mxOSob_p8C\/\" target=\"_blank\" rel=\"noopener\">s\u00f6ndag<\/a> (l\u00e4nkar till Facebook)<\/p>\n<p>Kort (fr\u00e5n Petra Sonneveld-de Jong) som visas en fantastisk bra organiserad evenemang:<\/p>\n<p>fredag 11 augusti 2023: <a href=\"https:\/\/www.facebook.com\/HookortensJaktvardsforening\/posts\/pfbid0ESreFExtqCNQZJN6RHrGeaP5uigos6yf9F2qw5nU53NWykdPQLX6rnJhvQet4oT8l\" target=\"_blank\" rel=\"noopener\">del 1<\/a>, <a href=\"https:\/\/www.facebook.com\/HookortensJaktvardsforening\/posts\/pfbid02mDTYd3q1jEWCZ3qxzGDuNFicpTngSbAM8tsKt5rw7S8k5nuWXXSpCWCVHtYHUjusl\" target=\"_blank\" rel=\"noopener\">del 2<\/a>, <a href=\"https:\/\/www.facebook.com\/HookortensJaktvardsforening\/posts\/pfbid029susXaib1tAPxbNnYBEdszc6bqt873Er6B51V2H7SvWLPBTqgj8FCNne4hAmBFnil\" target=\"_blank\" rel=\"noopener\">del 3<\/a> (l\u00e4nkar till Facebook)<\/p>\n<p>l\u00f6rdag 12 augusti 2023: <a href=\"https:\/\/www.facebook.com\/HookortensJaktvardsforening\/posts\/pfbid02dN3zKvapRchGMWjosdvid5cjW1ZN9HbeVk5KXm3Rbuij8U6hMpMXjiC6Y9nRWS6al\" target=\"_blank\" rel=\"noopener\">del 1<\/a>, <a href=\"https:\/\/www.facebook.com\/HookortensJaktvardsforening\/posts\/pfbid0314G8BdFCLGJ49GcybSQ1hjA6VGxuaY4b49jmjCg6AHm3wipqTk4UgyeBHwqfuKXWl\" target=\"_blank\" rel=\"noopener\">del 2<\/a>, <a href=\"https:\/\/www.facebook.com\/HookortensJaktvardsforening\/posts\/pfbid02hs4hEJQBEKAaZMWdGLvUQnALY9bprgTAU9ERf2NQUcomMBBikVvjgfNUiq6i5evhl\" target=\"_blank\" rel=\"noopener\">del 3<\/a> (l\u00e4nkar till Facebook)<\/p>\n<p>s\u00f6ndag 13 augusti 2023: <a href=\"https:\/\/www.facebook.com\/HookortensJaktvardsforening\/posts\/pfbid0UQkzZTidTg9TEQCWsg3M1zcJdhGrULuTjXmPC6wQJUUBA3bWmR8BFkKbHXReqrTgl\" target=\"_blank\" rel=\"noopener\">del 1<\/a>, <a href=\"https:\/\/www.facebook.com\/HookortensJaktvardsforening\/posts\/pfbid02RaqKW2xkYeM2r191Knrf8oiuJ59QftPbyPu6eUKZ56DSXHmKLkqqo7unWVRBriGMl\" target=\"_blank\" rel=\"noopener\">del 2<\/a>, <a href=\"https:\/\/www.facebook.com\/HookortensJaktvardsforening\/posts\/pfbid025ScXe6ZZn4Aq66wx98hqJ4foh8UKPDt2Pk6rZQsogshyPxjAUm9uW4iMHifhaEqTl\" target=\"_blank\" rel=\"noopener\">del 3<\/a>, <a href=\"https:\/\/www.facebook.com\/HookortensJaktvardsforening\/posts\/pfbid0yG5PtjmTwXmZNsm49pHhvxKcw1YHdScdWN784HvLvzMZPVxDPdBK5pj5im4uCpBcl\" target=\"_blank\" rel=\"noopener\">del 4<\/a> (l\u00e4nkar till Facebook)<\/p>\n<hr \/>\n<p><span class=\"x193iq5w xeuugli x13faqbe x1vvkbs xlh3980 xvmahel x1n0sxbx x1lliihq x1s928wv xhkezso x1gmr53x x1cpjm7i x1fgarty x1943h6x xudqn12 x3x7a5m x6prxxf xvq8zen xo1l8bm xzsf02u x1yc453h\" dir=\"auto\"><strong>SM-uttagning f\u00f6r J\u00f6nk\u00f6pings l\u00e4n till J\u00e4garSM 2023<\/strong> anordnades 3 juni 2023 av Skillingaryds JVF &amp; Hookortens JVF. <a href=\"https:\/\/www.facebook.com\/HookortensJaktvardsforening\/posts\/pfbid0zbMbiR58naaDcxTZ3YNbnw4DEyMPxntv1moRTZa8YhfJcFPrPWZcfbWj8tRXbT3bl?__cft__[0]=AZUlrQk6AdtFPuJqLz_1OCi1vWshv1xDG-HGgOPVyO5vVvhKKLJnmMU6bHruLcx9we1RKMFOXLXlUhXaM_kPsZGdIiH3xkYRBQABp8HstX1mGK5KZY14Y-Ac31ZVhTCDWLGCHDqGek57WwfFyHOpJDdV&amp;__tn__=%2CO%2CP-R\" target=\"_blank\" rel=\"noopener\"><em><strong>Klicka h\u00e4r<\/strong><\/em><\/a> f\u00f6r resultatet p\u00e5 Facebook. Kort finns ocks\u00e5, <a href=\"https:\/\/www.facebook.com\/HookortensJaktvardsforening\/posts\/pfbid036nYgHmVimCWS5Bbj8MaRpXuXbaU4f2dLat4G7vvz7qTwu7znwnjTEP2T7AfV2tvdl?__cft__[0]=AZXJ-EN7Yl0C7neMYhF1Uk7_poJo_Y5PSkYrBcW0xKpmB5oeztNCxvWYtb5gt4EiXqg3F64c4D4fBKiDmYlTkzeN0jIHnuzjzGPFKt5yhmrMMBtmWjWb8inqoiwSYArx9dazKCLW6uMgOJil_WbJ2MQR&amp;__tn__=%2CO%2CP-R\" target=\"_blank\" rel=\"noopener\"><em><strong>klicka h\u00e4r<\/strong><\/em><\/a>.<\/span><\/p>\n","protected":false},"excerpt":{"rendered":"<p>Aktuell: 11-13 Augusti 2023 organiserades J\u00e4garSM 2023 i olika klasser p\u00e5 skjutbanorna i Skillingaryd och Hok. Resultat fredag 11 augusti: juniorer, damer, oldboys och veteraner. (l\u00e4nk till Facebook) Resultat 12-13 augusti 2023 \u00f6ppen klass . (l\u00e4nk till Facebook) Fantastiska filmer (fr\u00e5n Micaela Wiss): fredag, l\u00f6rdag och s\u00f6ndag (l\u00e4nkar till Facebook) Kort (fr\u00e5n Petra Sonneveld-de Jong) [&hellip;]<\/p>\n","protected":false},"author":75,"featured_media":0,"parent":0,"menu_order":0,"comment_status":"closed","ping_status":"closed","template":"","meta":{"footnotes":""},"class_list":["post-213","page","type-page","status-publish","hentry"],"jetpack_sharing_enabled":true,"_links":{"self":[{"href":"https:\/\/krets.jagareforbundet.se\/vaggeryds\/wp-json\/wp\/v2\/pages\/213","targetHints":{"allow":["GET"]}}],"collection":[{"href":"https:\/\/krets.jagareforbundet.se\/vaggeryds\/wp-json\/wp\/v2\/pages"}],"about":[{"href":"https:\/\/krets.jagareforbundet.se\/vaggeryds\/wp-json\/wp\/v2\/types\/page"}],"author":[{"embeddable":true,"href":"https:\/\/krets.jagareforbundet.se\/vaggeryds\/wp-json\/wp\/v2\/users\/75"}],"replies":[{"embeddable":true,"href":"https:\/\/krets.jagareforbundet.se\/vaggeryds\/wp-json\/wp\/v2\/comments?post=213"}],"version-history":[{"count":4,"href":"https:\/\/krets.jagareforbundet.se\/vaggeryds\/wp-json\/wp\/v2\/pages\/213\/revisions"}],"predecessor-version":[{"id":597,"href":"https:\/\/krets.jagareforbundet.se\/vaggeryds\/wp-json\/wp\/v2\/pages\/213\/revisions\/597"}],"wp:attachment":[{"href":"https:\/\/krets.jagareforbundet.se\/vaggeryds\/wp-json\/wp\/v2\/media?parent=213"}],"curies":[{"name":"wp","href":"https:\/\/api.w.org\/{rel}","templated":true}]}}