{"id":1002,"date":"2023-04-26T18:12:35","date_gmt":"2023-04-26T16:12:35","guid":{"rendered":"https:\/\/krets.jagareforbundet.se\/varberg\/?page_id=1002"},"modified":"2023-04-26T18:56:44","modified_gmt":"2023-04-26T16:56:44","slug":"signforhunting","status":"publish","type":"page","link":"https:\/\/krets.jagareforbundet.se\/varberg\/signforhunting\/","title":{"rendered":"#SignForHunting"},"content":{"rendered":"<h1>Vill du att jakten ska ha en framtid?<\/h1>\n<h4><\/h4>\n<h4>JAKTEN OCH NATURV\u00c5RDENS FRAMTID HOTAS<\/h4>\n<p class=\"poppins-light\">F\u00f6rvaltningen av de stora rovdjuren, f\u00e5geljakten, Europas jaktkulturer, viltets livsmilj\u00f6er och j\u00e4garnas engagemang f\u00f6r att bevara naturen hotas av kl\u00e5fingriga politiker.<\/p>\n<p>Klicka p\u00e5 l\u00e4nken f\u00f6r att skriva under;<br \/>\n<a href=\"https:\/\/signforhunting.com\/sv\/\">https:\/\/signforhunting.com\/sv\/<\/a><\/p>\n<p>Hunters of Europe;<br \/>\n<a href=\"https:\/\/www.face.eu\">https:\/\/www.face.eu<\/a><\/p>\n","protected":false},"excerpt":{"rendered":"<p>Vill du att jakten ska ha en framtid? JAKTEN OCH NATURV\u00c5RDENS FRAMTID HOTAS F\u00f6rvaltningen av de stora rovdjuren, f\u00e5geljakten, Europas jaktkulturer, viltets livsmilj\u00f6er och j\u00e4garnas engagemang f\u00f6r att bevara naturen hotas av kl\u00e5fingriga politiker. Klicka p\u00e5 l\u00e4nken f\u00f6r att skriva under; https:\/\/signforhunting.com\/sv\/ Hunters of Europe; https:\/\/www.face.eu<\/p>\n","protected":false},"author":28,"featured_media":0,"parent":0,"menu_order":100,"comment_status":"closed","ping_status":"closed","template":"","meta":{"footnotes":""},"class_list":["post-1002","page","type-page","status-publish","hentry"],"_links":{"self":[{"href":"https:\/\/krets.jagareforbundet.se\/varberg\/wp-json\/wp\/v2\/pages\/1002","targetHints":{"allow":["GET"]}}],"collection":[{"href":"https:\/\/krets.jagareforbundet.se\/varberg\/wp-json\/wp\/v2\/pages"}],"about":[{"href":"https:\/\/krets.jagareforbundet.se\/varberg\/wp-json\/wp\/v2\/types\/page"}],"author":[{"embeddable":true,"href":"https:\/\/krets.jagareforbundet.se\/varberg\/wp-json\/wp\/v2\/users\/28"}],"replies":[{"embeddable":true,"href":"https:\/\/krets.jagareforbundet.se\/varberg\/wp-json\/wp\/v2\/comments?post=1002"}],"version-history":[{"count":3,"href":"https:\/\/krets.jagareforbundet.se\/varberg\/wp-json\/wp\/v2\/pages\/1002\/revisions"}],"predecessor-version":[{"id":1007,"href":"https:\/\/krets.jagareforbundet.se\/varberg\/wp-json\/wp\/v2\/pages\/1002\/revisions\/1007"}],"wp:attachment":[{"href":"https:\/\/krets.jagareforbundet.se\/varberg\/wp-json\/wp\/v2\/media?parent=1002"}],"curies":[{"name":"wp","href":"https:\/\/api.w.org\/{rel}","templated":true}]}}