{"id":1403,"date":"2026-01-27T08:02:09","date_gmt":"2026-01-27T07:02:09","guid":{"rendered":"https:\/\/krets.jagareforbundet.se\/varberg\/?page_id=1403"},"modified":"2026-01-27T08:02:09","modified_gmt":"2026-01-27T07:02:09","slug":"arsmoteshandlingar-2026","status":"publish","type":"page","link":"https:\/\/krets.jagareforbundet.se\/varberg\/arsmoteshandlingar-2026\/","title":{"rendered":"\u00c5rsm\u00f6teshandlingar 2026"},"content":{"rendered":"<p>Handlingar till m\u00f6tet finner ni i l\u00e4nken nedan!<\/p>\n<p><a href=\"https:\/\/krets.jagareforbundet.se\/varberg\/files\/2026\/01\/Arsmote-2026.pdf\">A\u030arsmo\u0308te 2026<\/a><\/p>\n","protected":false},"excerpt":{"rendered":"<p>Handlingar till m\u00f6tet finner ni i l\u00e4nken nedan! A\u030arsmo\u0308te 2026<\/p>\n","protected":false},"author":28,"featured_media":0,"parent":0,"menu_order":0,"comment_status":"closed","ping_status":"closed","template":"","meta":{"footnotes":""},"class_list":["post-1403","page","type-page","status-publish","hentry"],"_links":{"self":[{"href":"https:\/\/krets.jagareforbundet.se\/varberg\/wp-json\/wp\/v2\/pages\/1403","targetHints":{"allow":["GET"]}}],"collection":[{"href":"https:\/\/krets.jagareforbundet.se\/varberg\/wp-json\/wp\/v2\/pages"}],"about":[{"href":"https:\/\/krets.jagareforbundet.se\/varberg\/wp-json\/wp\/v2\/types\/page"}],"author":[{"embeddable":true,"href":"https:\/\/krets.jagareforbundet.se\/varberg\/wp-json\/wp\/v2\/users\/28"}],"replies":[{"embeddable":true,"href":"https:\/\/krets.jagareforbundet.se\/varberg\/wp-json\/wp\/v2\/comments?post=1403"}],"version-history":[{"count":1,"href":"https:\/\/krets.jagareforbundet.se\/varberg\/wp-json\/wp\/v2\/pages\/1403\/revisions"}],"predecessor-version":[{"id":1405,"href":"https:\/\/krets.jagareforbundet.se\/varberg\/wp-json\/wp\/v2\/pages\/1403\/revisions\/1405"}],"wp:attachment":[{"href":"https:\/\/krets.jagareforbundet.se\/varberg\/wp-json\/wp\/v2\/media?parent=1403"}],"curies":[{"name":"wp","href":"https:\/\/api.w.org\/{rel}","templated":true}]}}