{"id":142,"date":"2019-01-07T15:38:08","date_gmt":"2019-01-07T14:38:08","guid":{"rendered":"https:\/\/krets.jagareforbundet.se\/varnamo\/?page_id=142"},"modified":"2026-03-10T08:05:54","modified_gmt":"2026-03-10T07:05:54","slug":"styrelsen","status":"publish","type":"page","link":"https:\/\/krets.jagareforbundet.se\/varnamo\/styrelsen\/","title":{"rendered":"Styrelsen"},"content":{"rendered":"<h1>Styrelsen:<\/h1>\n<h3>Ordf\u00f6rande<\/h3>\n<p>Mikael Aronsson<br \/>\n93aronsson (at) telia.com<\/p>\n<h3>Vice Ordf\u00f6rande<\/h3>\n<p>Bj\u00f6rn Berg\u00e9n<\/p>\n<p>bjorn_bergen (at) hotmail.com<\/p>\n<h3>Sekreterare<\/h3>\n<p>Joakim Johansson<br \/>\njocke72johansson ( at) gmail.com<\/p>\n<h3>Kass\u00f6r<\/h3>\n<p>Thomas Berntsson<br \/>\n070-665 04 47<br \/>\ntomas.berntsson (at) telia.com<\/p>\n<h3>Ledamot<\/h3>\n<p>Andreas Hammarstr\u00f6m<\/p>\n<p>rexus_89(at)hotmail.com<\/p>\n<p>Annisett Lundberg<\/p>\n<p>annisettlundberg\u00a0 (at) hotmail.com<\/p>\n<p>M\u00e5ns Zetterlund<\/p>\n<p>manszetterlund (at) icloud.com<\/p>\n<h2>Ansvarsomr\u00e5de inom styrelsen:<\/h2>\n<p>Medlemsansvarig,\u00a0 \u00a0 \u00a0 \u00a0 \u00a0 \u00a0 Mikael Aronsson<\/p>\n<p>Medieansvarig;\u00a0 \u00a0 \u00a0 \u00a0 \u00a0 \u00a0 \u00a0 \u00a0 Mikael Aronsson<\/p>\n<p>Webbmaster;\u00a0 \u00a0 \u00a0 \u00a0 \u00a0 \u00a0 \u00a0 \u00a0 \u00a0 \u00a0 Mikael Aronsson<\/p>\n<p>JAQT ansvarig;\u00a0 \u00a0 \u00a0 \u00a0 \u00a0 \u00a0 \u00a0 \u00a0 \u00a0 \u00a0Annisett Lundberg<\/p>\n<p>Ungdomsansvarig;\u00a0\u00a0\u00a0\u00a0\u00a0\u00a0\u00a0\u00a0\u00a0\u00a0\u00a0\u00a0 M\u00e5ns Zetterlund<\/p>\n<p>Skytteansvarig;\u00a0\u00a0\u00a0\u00a0\u00a0\u00a0\u00a0\u00a0\u00a0\u00a0\u00a0\u00a0\u00a0\u00a0\u00a0\u00a0\u00a0 Thomas Berntsson<\/p>\n<p>Utbildningsansvarig\u00a0\u00a0\u00a0\u00a0\u00a0\u00a0\u00a0\u00a0\u00a0\u00a0 Thomas Berntsson<\/p>\n<p>Hundansvarig;\u00a0 \u00a0 \u00a0 \u00a0 \u00a0 \u00a0 \u00a0 \u00a0 \u00a0 \u00a0 Bj\u00f6rn Berg\u00e9n<\/p>\n<p>Trafikefters\u00f6ksansvarig;\u00a0\u00a0\u00a0 Joakim Johansson<\/p>\n<p>Vilt\u00f6vervakningsansvarig; Bj\u00f6rn Berg\u00e9n &amp; Mikael Aronsson<\/p>\n<p>Rovviltsansvarig;\u00a0 \u00a0 \u00a0 \u00a0 \u00a0 \u00a0 \u00a0 Joakim Johansson<\/p>\n<p>Vildsvinsansvarig;\u00a0 \u00a0 \u00a0 \u00a0 \u00a0 \u00a0 \u00a0 Andreas Hammarstr\u00f6m<\/p>\n<p>Viltprovtagare;\u00a0\u00a0\u00a0\u00a0\u00a0\u00a0\u00a0\u00a0\u00a0\u00a0\u00a0\u00a0\u00a0\u00a0\u00a0\u00a0\u00a0\u00a0 Ingemar Johansson<\/p>\n","protected":false},"excerpt":{"rendered":"<p>Styrelsen: Ordf\u00f6rande Mikael Aronsson 93aronsson (at) telia.com Vice Ordf\u00f6rande Bj\u00f6rn Berg\u00e9n bjorn_bergen (at) hotmail.com Sekreterare Joakim Johansson jocke72johansson ( at) gmail.com Kass\u00f6r Thomas Berntsson 070-665 04 47 tomas.berntsson (at) telia.com Ledamot Andreas Hammarstr\u00f6m rexus_89(at)hotmail.com Annisett Lundberg annisettlundberg\u00a0 (at) hotmail.com M\u00e5ns Zetterlund manszetterlund (at) icloud.com Ansvarsomr\u00e5de inom styrelsen: Medlemsansvarig,\u00a0 \u00a0 \u00a0 \u00a0 \u00a0 \u00a0 Mikael Aronsson [&hellip;]<\/p>\n","protected":false},"author":279,"featured_media":0,"parent":0,"menu_order":0,"comment_status":"closed","ping_status":"closed","template":"","meta":{"footnotes":""},"class_list":["post-142","page","type-page","status-publish","hentry"],"_links":{"self":[{"href":"https:\/\/krets.jagareforbundet.se\/varnamo\/wp-json\/wp\/v2\/pages\/142","targetHints":{"allow":["GET"]}}],"collection":[{"href":"https:\/\/krets.jagareforbundet.se\/varnamo\/wp-json\/wp\/v2\/pages"}],"about":[{"href":"https:\/\/krets.jagareforbundet.se\/varnamo\/wp-json\/wp\/v2\/types\/page"}],"author":[{"embeddable":true,"href":"https:\/\/krets.jagareforbundet.se\/varnamo\/wp-json\/wp\/v2\/users\/279"}],"replies":[{"embeddable":true,"href":"https:\/\/krets.jagareforbundet.se\/varnamo\/wp-json\/wp\/v2\/comments?post=142"}],"version-history":[{"count":3,"href":"https:\/\/krets.jagareforbundet.se\/varnamo\/wp-json\/wp\/v2\/pages\/142\/revisions"}],"predecessor-version":[{"id":603,"href":"https:\/\/krets.jagareforbundet.se\/varnamo\/wp-json\/wp\/v2\/pages\/142\/revisions\/603"}],"wp:attachment":[{"href":"https:\/\/krets.jagareforbundet.se\/varnamo\/wp-json\/wp\/v2\/media?parent=142"}],"curies":[{"name":"wp","href":"https:\/\/api.w.org\/{rel}","templated":true}]}}

<h1>Styrelsen:</h1>
<h3>Ordförande</h3>
<p>Mikael Aronsson<br />
93aronsson (at) telia.com</p>
<h3>Vice Ordförande</h3>
<p>Björn Bergén</p>
<p>bjorn_bergen (at) hotmail.com</p>
<h3>Sekreterare</h3>
<p>Joakim Johansson<br />
jocke72johansson ( at) gmail.com</p>
<h3>Kassör</h3>
<p>Thomas Berntsson<br />
070-665 04 47<br />
tomas.berntsson (at) telia.com</p>
<h3>Ledamot</h3>
<p>Andreas Hammarström</p>
<p>rexus_89(at)hotmail.com</p>
<p>Annisett Lundberg</p>
<p>annisettlundberg  (at) hotmail.com</p>
<p>Måns Zetterlund</p>
<p>manszetterlund (at) icloud.com</p>
<h2>Ansvarsområde inom styrelsen:</h2>
<p>Medlemsansvarig,            Mikael Aronsson</p>
<p>Medieansvarig;                Mikael Aronsson</p>
<p>Webbmaster;                    Mikael Aronsson</p>
<p>JAQT ansvarig;                   Annisett Lundberg</p>
<p>Ungdomsansvarig;             Måns Zetterlund</p>
<p>Skytteansvarig;                  Thomas Berntsson</p>
<p>Utbildningsansvarig           Thomas Berntsson</p>
<p>Hundansvarig;                    Björn Bergén</p>
<p>Trafikeftersöksansvarig;    Joakim Johansson</p>
<p>Viltövervakningsansvarig; Björn Bergén &amp; Mikael Aronsson</p>
<p>Rovviltsansvarig;              Joakim Johansson</p>
<p>Vildsvinsansvarig;              Andreas Hammarström</p>
<p>Viltprovtagare;                   Ingemar Johansson</p>

<p>Styrelsen: Ordförande Mikael Aronsson 93aronsson (at) telia.com Vice Ordförande Björn Bergén bjorn_bergen (at) hotmail.com Sekreterare Joakim Johansson jocke72johansson ( at) gmail.com Kassör Thomas Berntsson 070-665 04 47 tomas.berntsson (at) telia.com Ledamot Andreas Hammarström rexus_89(at)hotmail.com Annisett Lundberg annisettlundberg  (at) hotmail.com Måns Zetterlund manszetterlund (at) icloud.com Ansvarsområde inom styrelsen: Medlemsansvarig,            Mikael Aronsson [&hellip;]</p>
