{"id":152,"date":"2019-01-07T16:12:34","date_gmt":"2019-01-07T15:12:34","guid":{"rendered":"https:\/\/krets.jagareforbundet.se\/varnamo\/?page_id=152"},"modified":"2022-03-15T13:08:44","modified_gmt":"2022-03-15T12:08:44","slug":"dannas-hanger","status":"publish","type":"page","link":"https:\/\/krets.jagareforbundet.se\/varnamo\/skjutbanor\/dannas-hanger\/","title":{"rendered":"Dann\u00e4s\/H\u00e5nger"},"content":{"rendered":"<p><a href=\"https:\/\/krets.jagareforbundet.se\/varnamo\/files\/2022\/03\/Skjutprogram-Hanger.jpg\"><img loading=\"lazy\" decoding=\"async\" class=\"alignnone size-medium wp-image-322\" src=\"https:\/\/krets.jagareforbundet.se\/varnamo\/files\/2022\/03\/Skjutprogram-Hanger-300x189.jpg\" alt=\"\" width=\"300\" height=\"189\" srcset=\"https:\/\/krets.jagareforbundet.se\/varnamo\/files\/2022\/03\/Skjutprogram-Hanger-300x189.jpg 300w, https:\/\/krets.jagareforbundet.se\/varnamo\/files\/2022\/03\/Skjutprogram-Hanger-1024x645.jpg 1024w, https:\/\/krets.jagareforbundet.se\/varnamo\/files\/2022\/03\/Skjutprogram-Hanger-768x484.jpg 768w, https:\/\/krets.jagareforbundet.se\/varnamo\/files\/2022\/03\/Skjutprogram-Hanger-1536x968.jpg 1536w, https:\/\/krets.jagareforbundet.se\/varnamo\/files\/2022\/03\/Skjutprogram-Hanger.jpg 1539w\" sizes=\"auto, (max-width: 300px) 100vw, 300px\" \/><\/a><\/p>\n<p><a href=\"https:\/\/krets.jagareforbundet.se\/varnamo\/files\/2022\/03\/Skjuttider-Hanger.jpg\"><img loading=\"lazy\" decoding=\"async\" class=\"alignnone size-medium wp-image-323\" src=\"https:\/\/krets.jagareforbundet.se\/varnamo\/files\/2022\/03\/Skjuttider-Hanger-300x212.jpg\" alt=\"\" width=\"300\" height=\"212\" srcset=\"https:\/\/krets.jagareforbundet.se\/varnamo\/files\/2022\/03\/Skjuttider-Hanger-300x212.jpg 300w, https:\/\/krets.jagareforbundet.se\/varnamo\/files\/2022\/03\/Skjuttider-Hanger-1024x723.jpg 1024w, https:\/\/krets.jagareforbundet.se\/varnamo\/files\/2022\/03\/Skjuttider-Hanger-768x542.jpg 768w, https:\/\/krets.jagareforbundet.se\/varnamo\/files\/2022\/03\/Skjuttider-Hanger.jpg 1430w\" sizes=\"auto, (max-width: 300px) 100vw, 300px\" \/><\/a><\/p>\n<p>&nbsp;<\/p>\n<p>\u00c4lg banan finns \u00e4ven tillg\u00e4nglig f\u00f6r gruppbokning \u00f6vrig tid f\u00f6r 500kr<\/p>\n<p>Kontakta Thomas Petersson 070-3668470<\/p>\n<p>Eller Bo Petersson 070-5431631<\/p>\n","protected":false},"excerpt":{"rendered":"<p>&nbsp; \u00c4lg banan finns \u00e4ven tillg\u00e4nglig f\u00f6r gruppbokning \u00f6vrig tid f\u00f6r 500kr Kontakta Thomas Petersson 070-3668470 Eller Bo Petersson 070-5431631<\/p>\n","protected":false},"author":279,"featured_media":0,"parent":148,"menu_order":0,"comment_status":"closed","ping_status":"closed","template":"","meta":{"footnotes":""},"class_list":["post-152","page","type-page","status-publish","hentry"],"_links":{"self":[{"href":"https:\/\/krets.jagareforbundet.se\/varnamo\/wp-json\/wp\/v2\/pages\/152","targetHints":{"allow":["GET"]}}],"collection":[{"href":"https:\/\/krets.jagareforbundet.se\/varnamo\/wp-json\/wp\/v2\/pages"}],"about":[{"href":"https:\/\/krets.jagareforbundet.se\/varnamo\/wp-json\/wp\/v2\/types\/page"}],"author":[{"embeddable":true,"href":"https:\/\/krets.jagareforbundet.se\/varnamo\/wp-json\/wp\/v2\/users\/279"}],"replies":[{"embeddable":true,"href":"https:\/\/krets.jagareforbundet.se\/varnamo\/wp-json\/wp\/v2\/comments?post=152"}],"version-history":[{"count":3,"href":"https:\/\/krets.jagareforbundet.se\/varnamo\/wp-json\/wp\/v2\/pages\/152\/revisions"}],"predecessor-version":[{"id":324,"href":"https:\/\/krets.jagareforbundet.se\/varnamo\/wp-json\/wp\/v2\/pages\/152\/revisions\/324"}],"up":[{"embeddable":true,"href":"https:\/\/krets.jagareforbundet.se\/varnamo\/wp-json\/wp\/v2\/pages\/148"}],"wp:attachment":[{"href":"https:\/\/krets.jagareforbundet.se\/varnamo\/wp-json\/wp\/v2\/media?parent=152"}],"curies":[{"name":"wp","href":"https:\/\/api.w.org\/{rel}","templated":true}]}}

Dannäs/Hånger

<p><a href="https://krets.jagareforbundet.se/varnamo/files/2022/03/Skjutprogram-Hanger.jpg"><img loading="lazy" decoding="async" class="alignnone size-medium wp-image-322" src="https://krets.jagareforbundet.se/varnamo/files/2022/03/Skjutprogram-Hanger-300x189.jpg" alt="" width="300" height="189" srcset="https://krets.jagareforbundet.se/varnamo/files/2022/03/Skjutprogram-Hanger-300x189.jpg 300w, https://krets.jagareforbundet.se/varnamo/files/2022/03/Skjutprogram-Hanger-1024x645.jpg 1024w, https://krets.jagareforbundet.se/varnamo/files/2022/03/Skjutprogram-Hanger-768x484.jpg 768w, https://krets.jagareforbundet.se/varnamo/files/2022/03/Skjutprogram-Hanger-1536x968.jpg 1536w, https://krets.jagareforbundet.se/varnamo/files/2022/03/Skjutprogram-Hanger.jpg 1539w" sizes="auto, (max-width: 300px) 100vw, 300px" /></a></p>
<p><a href="https://krets.jagareforbundet.se/varnamo/files/2022/03/Skjuttider-Hanger.jpg"><img loading="lazy" decoding="async" class="alignnone size-medium wp-image-323" src="https://krets.jagareforbundet.se/varnamo/files/2022/03/Skjuttider-Hanger-300x212.jpg" alt="" width="300" height="212" srcset="https://krets.jagareforbundet.se/varnamo/files/2022/03/Skjuttider-Hanger-300x212.jpg 300w, https://krets.jagareforbundet.se/varnamo/files/2022/03/Skjuttider-Hanger-1024x723.jpg 1024w, https://krets.jagareforbundet.se/varnamo/files/2022/03/Skjuttider-Hanger-768x542.jpg 768w, https://krets.jagareforbundet.se/varnamo/files/2022/03/Skjuttider-Hanger.jpg 1430w" sizes="auto, (max-width: 300px) 100vw, 300px" /></a></p>
<p>&nbsp;</p>
<p>Älg banan finns även tillgänglig för gruppbokning övrig tid för 500kr</p>
<p>Kontakta Thomas Petersson 070-3668470</p>
<p>Eller Bo Petersson 070-5431631</p>

<p>&nbsp; Älg banan finns även tillgänglig för gruppbokning övrig tid för 500kr Kontakta Thomas Petersson 070-3668470 Eller Bo Petersson 070-5431631</p>
