{"id":41,"date":"2011-09-09T08:17:14","date_gmt":"2011-09-09T08:17:14","guid":{"rendered":"https:\/\/krets.jagareforbundet.se\/template\/?page_id=41"},"modified":"2023-12-14T11:34:58","modified_gmt":"2023-12-14T10:34:58","slug":"arkiv","status":"publish","type":"page","link":"https:\/\/krets.jagareforbundet.se\/varnamo\/arkiv\/","title":{"rendered":"Arkiv"},"content":{"rendered":"<header>\n<h4>Efters\u00f6kskurs\/Sp\u00e5rkurs 10\/9-2023<\/h4>\n<p>D\u00e5 vi hade ett enormt bra utfall p\u00e5 f\u00f6rra \u00e5rets kurs med Helena \u00f6ppnar vi nu upp f\u00f6r ytterligare en &#8221;nyb\u00f6rjar&#8221; kurs.<\/p>\n<p>Alla med hund som vill l\u00e4ra sig mer om sp\u00e5r tr\u00e4ning \u00e4r v\u00e4lkomna att anm\u00e4la sig till denna kurs.<\/p>\n<p>Plats och klockslag \u00e5terkopplas efter anm\u00e4lan, <strong>senaste anm\u00e4lningsdatum \u00e4r 27\/8.<\/strong><\/p>\n<p>Anm\u00e4lan\/Fr\u00e5gor g\u00f6rs till Bj\u00f6rn, med namn\/telefonnummer\/e-post\/hundras och vilken kurs du anm\u00e4ler dig till.<\/p>\n<p>Bj\u00f6rn Berg\u00e9n 0760151496: <a href=\"bjorn_bergen@hotmail.com\">bjorn_bergen@hotmail.com<\/a><\/p>\n<h4>========================================================================<\/h4>\n<h4>Efters\u00f6kskurs JAQT (kvinnliga j\u00e4gare) del 2 27\/8-2023<\/h4>\n<p>Vi har n\u00f6jet att meddela att forts\u00e4ttningskursen p\u00e5 efters\u00f6k med hund f\u00f6r kvinnliga j\u00e4gare nu har ett datum.<\/p>\n<p>Den 27\/8-2023 kommer Helena Lyckoskog att h\u00e5lla en forts\u00e4ttningskurs f\u00f6r de som gick &#8221;del 1&#8221;.<\/p>\n<p>I m\u00e5n av plats (de som var med f\u00f6rra kursen har f\u00f6rtur) kan man anm\u00e4la sig till denna kurs om man har en del f\u00f6rkunskap om efters\u00f6k\/sp\u00e5r tr\u00e4ning.<\/p>\n<p>Plats och klockslag \u00e5terkopplas efter anm\u00e4lan, <strong>senaste anm\u00e4lningsdatum \u00e4r 11\/8<\/strong>.<\/p>\n<p><a href=\"https:\/\/krets.jagareforbundet.se\/varnamo\/files\/2022\/09\/Laika.png\"><img loading=\"lazy\" decoding=\"async\" class=\"size-medium wp-image-417 alignnone\" src=\"https:\/\/krets.jagareforbundet.se\/varnamo\/files\/2022\/09\/Laika-263x300.png\" alt=\"\" width=\"263\" height=\"300\" srcset=\"https:\/\/krets.jagareforbundet.se\/varnamo\/files\/2022\/09\/Laika-263x300.png 263w, https:\/\/krets.jagareforbundet.se\/varnamo\/files\/2022\/09\/Laika.png 546w\" sizes=\"auto, (max-width: 263px) 100vw, 263px\" \/><\/a><\/p>\n<p>Laika med kl\u00f6v<\/p>\n<p>Anm\u00e4lan\/Fr\u00e5gor g\u00f6rs till Bj\u00f6rn, med namn\/telefonnummer\/e-post\/hundras och vilken kurs du anm\u00e4ler dig till.<\/p>\n<p>Bj\u00f6rn Berg\u00e9n 0760151496: <a href=\"bjorn_bergen@hotmail.com\">bjorn_bergen@hotmail.com<\/a><\/p>\n<h4><\/h4>\n<h4>\u00a0======================================================================<\/h4>\n<h4><\/h4>\n<h4>Kretsm\u00e4sterskap i efters\u00f6k \u00e4r f\u00f6r 2023 avgjort idag 2023-04-30.<\/h4>\n<p>I ett underbart v\u00e4der hade vi fyra ekipage som skulle g\u00f6ra upp i skogen utanf\u00f6r V\u00e4rnamo.<\/p>\n<p>Uttagningen hade tre moment d\u00e4r sp\u00e5r provet \u00e4r det som v\u00e4ger tungt i uttagningen.<\/p>\n<p>De olika delmomenten var, sp\u00e5r prov enligt \u00f6ppen klass, en del med fr\u00e5gor som skulle besvaras samt ett skytte moment.<\/p>\n<p>Var och en av dem hade f\u00e5tt best\u00e4mma vilket viltslag man ville sp\u00e5ra och domaren la sp\u00e5ren ig\u00e5r (L\u00f6rdag).<\/p>\n<p>F\u00f6r dagen var sol och uppeh\u00e5ll, men en kylig vind som snurrade och st\u00e4llde till det f\u00f6r deltagarna.<\/p>\n<p>Samtliga ekipage har haft vilt st\u00f6rning i sina sp\u00e5r\u00a0 och det var tufft f\u00f6r dem alla.<\/p>\n<p>N\u00e4r dagens olika moment stamanst\u00e4llts s\u00e5 hade en mycket v\u00e4rdig vinnare korats som vann samtliga tre delmoment.<\/p>\n<p>F\u00f6r 2023 \u00e4r det Anders Svensson och hans Karelare Zeke som kommer att representera V\u00e4rnamo Jvk i l\u00e4nsm\u00e4sterskapen som avg\u00f6rs i N\u00e4ssj\u00f6 trakten.<\/p>\n<div id=\"attachment_488\" style=\"width: 657px\" class=\"wp-caption alignnone\"><a href=\"https:\/\/krets.jagareforbundet.se\/varnamo\/files\/2023\/04\/Resultat.jpg\"><img loading=\"lazy\" decoding=\"async\" aria-describedby=\"caption-attachment-488\" class=\" wp-image-488\" src=\"https:\/\/krets.jagareforbundet.se\/varnamo\/files\/2023\/04\/Resultat-300x225.jpg\" alt=\"\" width=\"647\" height=\"485\" srcset=\"https:\/\/krets.jagareforbundet.se\/varnamo\/files\/2023\/04\/Resultat-300x225.jpg 300w, https:\/\/krets.jagareforbundet.se\/varnamo\/files\/2023\/04\/Resultat-1024x768.jpg 1024w, https:\/\/krets.jagareforbundet.se\/varnamo\/files\/2023\/04\/Resultat-768x576.jpg 768w, https:\/\/krets.jagareforbundet.se\/varnamo\/files\/2023\/04\/Resultat-1536x1152.jpg 1536w, https:\/\/krets.jagareforbundet.se\/varnamo\/files\/2023\/04\/Resultat.jpg 2016w\" sizes=\"auto, (max-width: 647px) 100vw, 647px\" \/><\/a><p id=\"caption-attachment-488\" class=\"wp-caption-text\">1:a Anders Svensson<br \/>2:a Bj\u00f6rn Berg\u00e9n<br \/>3:a Hans-Henrik Fl\u00f6ystrup<br \/>4:a Sabine Dinning<br \/>Domare: Mattias Lundberg<\/p><\/div>\n<h4>\u00a0Tack till alla deltagare och domare<\/h4>\n<h4>Kretsm\u00e4sterskap i skytte p\u00e5 Asp\u00f6 skjutbana 12\/8 \u00e4r avgjort<\/h4>\n<p>1 plats, Jacob lid\u00e9n 104p<\/p>\n<p>2 plats Emil Olsson 103p<\/p>\n<p>3 plats Patrik Thor 102p<\/p>\n<p>B\u00e4sta veteran Rolf Barkman<\/p>\n<p>B\u00e4sta Old Boys Anders Svensson<\/p>\n<div id=\"attachment_506\" style=\"width: 310px\" class=\"wp-caption alignnone\"><a href=\"https:\/\/krets.jagareforbundet.se\/varnamo\/files\/2023\/08\/Kretsmasterskap-alla.jpg\"><img loading=\"lazy\" decoding=\"async\" aria-describedby=\"caption-attachment-506\" class=\"size-medium wp-image-506\" src=\"https:\/\/krets.jagareforbundet.se\/varnamo\/files\/2023\/08\/Kretsmasterskap-alla-300x225.jpg\" alt=\"\" width=\"300\" height=\"225\" srcset=\"https:\/\/krets.jagareforbundet.se\/varnamo\/files\/2023\/08\/Kretsmasterskap-alla-300x225.jpg 300w, https:\/\/krets.jagareforbundet.se\/varnamo\/files\/2023\/08\/Kretsmasterskap-alla.jpg 750w\" sizes=\"auto, (max-width: 300px) 100vw, 300px\" \/><\/a><p id=\"caption-attachment-506\" class=\"wp-caption-text\">Deltagare kretsm\u00e4sterskap<\/p><\/div>\n<div id=\"attachment_507\" style=\"width: 235px\" class=\"wp-caption alignnone\"><a href=\"https:\/\/krets.jagareforbundet.se\/varnamo\/files\/2023\/08\/Kretsmasterskap-vinnare.jpg\"><img loading=\"lazy\" decoding=\"async\" aria-describedby=\"caption-attachment-507\" class=\"size-medium wp-image-507\" src=\"https:\/\/krets.jagareforbundet.se\/varnamo\/files\/2023\/08\/Kretsmasterskap-vinnare-225x300.jpg\" alt=\"\" width=\"225\" height=\"300\" srcset=\"https:\/\/krets.jagareforbundet.se\/varnamo\/files\/2023\/08\/Kretsmasterskap-vinnare-225x300.jpg 225w, https:\/\/krets.jagareforbundet.se\/varnamo\/files\/2023\/08\/Kretsmasterskap-vinnare.jpg 750w\" sizes=\"auto, (max-width: 225px) 100vw, 225px\" \/><\/a><p id=\"caption-attachment-507\" class=\"wp-caption-text\">Jacob, Emil, Patrik<\/p><\/div>\n<p>==========================================================================================<\/p>\n<h3>23\/10-22 har <a class=\"x1i10hfl xjbqb8w x6umtig x1b1mbwd xaqea5y xav7gou x9f619 x1ypdohk xt0psk2 xe8uvvx xdj266r x11i5rnm xat24cr x1mh8g0r xexx8yu x4uap5 x18d9i69 xkhd6sd x16tdsg8 x1hl2dhg xggy1nq x1a2a7pz xt0b8zv x1qq9wsj xo1l8bm\" role=\"link\" href=\"https:\/\/www.facebook.com\/vmo.jaktvardskrets\/?__cft__[0]=AZXYPECb2pRHxXQPYo6ElxCkKqlFSiV5rCfh_GOgoN2Ucm1yRI2Xepdbal8RSzNwvEWF_XYh8EqL_ll2c35R91HhuryQQOlN7dnY7oh6-vNI1VOqhy7lVAyXTfPbYOLziAOjHqtRKZrWydSWBsqwlEWEE2ABbmi-2bqIrnMIc79HXikjPL1Hg4CqLckcx2dDg3w&amp;__tn__=kK-R\"><span class=\"xt0psk2\">Svenska J\u00e4garef\u00f6rbundet V\u00e4rnamo<\/span><\/a> haft en jaktdag f\u00f6r kvinnor\/tjejer ihop med Juss\u00f6 jaktlag utanf\u00f6r V\u00e4rnamo. Bra hundarbete och mycket hundskall bj\u00f6d dagens tre s\u00e5ter p\u00e5. Tyv\u00e4rr var det inga djur som gick i pass f\u00f6r dagen men det gjorde absolut ingenting d\u00e5 Juss\u00f6 jaktlag bj\u00f6d p\u00e5 en riktigt god Gulaschsoppa vid lunch.<\/h3>\n<p><a href=\"https:\/\/krets.jagareforbundet.se\/varnamo\/files\/2022\/11\/Deltagare.jpg\"><img loading=\"lazy\" decoding=\"async\" class=\"alignnone size-medium wp-image-463\" src=\"https:\/\/krets.jagareforbundet.se\/varnamo\/files\/2022\/11\/Deltagare-300x225.jpg\" alt=\"\" width=\"300\" height=\"225\" srcset=\"https:\/\/krets.jagareforbundet.se\/varnamo\/files\/2022\/11\/Deltagare-300x225.jpg 300w, https:\/\/krets.jagareforbundet.se\/varnamo\/files\/2022\/11\/Deltagare-1024x768.jpg 1024w, https:\/\/krets.jagareforbundet.se\/varnamo\/files\/2022\/11\/Deltagare-768x576.jpg 768w, https:\/\/krets.jagareforbundet.se\/varnamo\/files\/2022\/11\/Deltagare-1536x1152.jpg 1536w, https:\/\/krets.jagareforbundet.se\/varnamo\/files\/2022\/11\/Deltagare.jpg 2048w\" sizes=\"auto, (max-width: 300px) 100vw, 300px\" \/><\/a> <a href=\"https:\/\/krets.jagareforbundet.se\/varnamo\/files\/2022\/11\/Lunch.jpg\"><img loading=\"lazy\" decoding=\"async\" class=\"alignnone size-medium wp-image-464\" src=\"https:\/\/krets.jagareforbundet.se\/varnamo\/files\/2022\/11\/Lunch-300x225.jpg\" alt=\"\" width=\"300\" height=\"225\" srcset=\"https:\/\/krets.jagareforbundet.se\/varnamo\/files\/2022\/11\/Lunch-300x225.jpg 300w, https:\/\/krets.jagareforbundet.se\/varnamo\/files\/2022\/11\/Lunch-1024x768.jpg 1024w, https:\/\/krets.jagareforbundet.se\/varnamo\/files\/2022\/11\/Lunch-768x576.jpg 768w, https:\/\/krets.jagareforbundet.se\/varnamo\/files\/2022\/11\/Lunch-1536x1152.jpg 1536w, https:\/\/krets.jagareforbundet.se\/varnamo\/files\/2022\/11\/Lunch.jpg 2048w\" sizes=\"auto, (max-width: 300px) 100vw, 300px\" \/><\/a><\/p>\n<p>&nbsp;<\/p>\n<p class=\"title entry-title\">INBJUDAN TILL JAKT F\u00d6R KVINNLIGA J\u00c4GARE<\/p>\n<\/header>\n<section class=\"entry\"><strong>Sm\u00e5viltsjakt<\/strong><\/section>\n<section><strong>FULLBOKAT<\/strong><\/section>\n<section class=\"entry\">Den\u00a0 23\/10 kommer vi kunna erbjuda sm\u00e5viltsjakt tillsammans med ett jaktlag i trakten av V\u00e4rnamo.Kostnad f\u00f6r detta \u00e4r 100:-\/person och per jakttillf\u00e4lle.Max deltagare per g\u00e5ng \u00e4r 10 st och anm\u00e4lan \u00e4r \u201df\u00f6rst till kvarn\u201d .D\u00e5 antalet \u00e4r begr\u00e4nsat \u00e4r vi tacksamma om man avanm\u00e4ler sig vid f\u00f6rhinder s\u00e5 n\u00e5gon annan kan f\u00e5 chansen.Vid\u00a0 fullt deltagarantal s\u00e5 kommer ni f\u00e5 information om tid och plats samt utrustning (radio\/pejl osv).Anm\u00e4lan under &#8221;evenemang&#8221;<\/section>\n","protected":false},"excerpt":{"rendered":"<p>Efters\u00f6kskurs\/Sp\u00e5rkurs 10\/9-2023 D\u00e5 vi hade ett enormt bra utfall p\u00e5 f\u00f6rra \u00e5rets kurs med Helena \u00f6ppnar vi nu upp f\u00f6r ytterligare en &#8221;nyb\u00f6rjar&#8221; kurs. Alla med hund som vill l\u00e4ra sig mer om sp\u00e5r tr\u00e4ning \u00e4r v\u00e4lkomna att anm\u00e4la sig till denna kurs. Plats och klockslag \u00e5terkopplas efter anm\u00e4lan, senaste anm\u00e4lningsdatum \u00e4r 27\/8. Anm\u00e4lan\/Fr\u00e5gor g\u00f6rs [&hellip;]<\/p>\n","protected":false},"author":3,"featured_media":0,"parent":0,"menu_order":0,"comment_status":"open","ping_status":"open","template":"template-archives.php","meta":{"footnotes":""},"class_list":["post-41","page","type-page","status-publish","hentry"],"_links":{"self":[{"href":"https:\/\/krets.jagareforbundet.se\/varnamo\/wp-json\/wp\/v2\/pages\/41","targetHints":{"allow":["GET"]}}],"collection":[{"href":"https:\/\/krets.jagareforbundet.se\/varnamo\/wp-json\/wp\/v2\/pages"}],"about":[{"href":"https:\/\/krets.jagareforbundet.se\/varnamo\/wp-json\/wp\/v2\/types\/page"}],"author":[{"embeddable":true,"href":"https:\/\/krets.jagareforbundet.se\/varnamo\/wp-json\/wp\/v2\/users\/3"}],"replies":[{"embeddable":true,"href":"https:\/\/krets.jagareforbundet.se\/varnamo\/wp-json\/wp\/v2\/comments?post=41"}],"version-history":[{"count":3,"href":"https:\/\/krets.jagareforbundet.se\/varnamo\/wp-json\/wp\/v2\/pages\/41\/revisions"}],"predecessor-version":[{"id":532,"href":"https:\/\/krets.jagareforbundet.se\/varnamo\/wp-json\/wp\/v2\/pages\/41\/revisions\/532"}],"wp:attachment":[{"href":"https:\/\/krets.jagareforbundet.se\/varnamo\/wp-json\/wp\/v2\/media?parent=41"}],"curies":[{"name":"wp","href":"https:\/\/api.w.org\/{rel}","templated":true}]}}

<header>
<h4>Eftersökskurs/Spårkurs 10/9-2023</h4>
<p>Då vi hade ett enormt bra utfall på förra årets kurs med Helena öppnar vi nu upp för ytterligare en &#8221;nybörjar&#8221; kurs.</p>
<p>Alla med hund som vill lära sig mer om spår träning är välkomna att anmäla sig till denna kurs.</p>
<p>Plats och klockslag återkopplas efter anmälan, <strong>senaste anmälningsdatum är 27/8.</strong></p>
<p>Anmälan/Frågor görs till Björn, med namn/telefonnummer/e-post/hundras och vilken kurs du anmäler dig till.</p>
<p>Björn Bergén 0760151496: <a href="bjorn_bergen@hotmail.com">bjorn_bergen@hotmail.com</a></p>
<h4>========================================================================</h4>
<h4>Eftersökskurs JAQT (kvinnliga jägare) del 2 27/8-2023</h4>
<p>Vi har nöjet att meddela att fortsättningskursen på eftersök med hund för kvinnliga jägare nu har ett datum.</p>
<p>Den 27/8-2023 kommer Helena Lyckoskog att hålla en fortsättningskurs för de som gick &#8221;del 1&#8221;.</p>
<p>I mån av plats (de som var med förra kursen har förtur) kan man anmäla sig till denna kurs om man har en del förkunskap om eftersök/spår träning.</p>
<p>Plats och klockslag återkopplas efter anmälan, <strong>senaste anmälningsdatum är 11/8</strong>.</p>
<p><a href="https://krets.jagareforbundet.se/varnamo/files/2022/09/Laika.png"><img loading="lazy" decoding="async" class="size-medium wp-image-417 alignnone" src="https://krets.jagareforbundet.se/varnamo/files/2022/09/Laika-263x300.png" alt="" width="263" height="300" srcset="https://krets.jagareforbundet.se/varnamo/files/2022/09/Laika-263x300.png 263w, https://krets.jagareforbundet.se/varnamo/files/2022/09/Laika.png 546w" sizes="auto, (max-width: 263px) 100vw, 263px" /></a></p>
<p>Laika med klöv</p>
<p>Anmälan/Frågor görs till Björn, med namn/telefonnummer/e-post/hundras och vilken kurs du anmäler dig till.</p>
<p>Björn Bergén 0760151496: <a href="bjorn_bergen@hotmail.com">bjorn_bergen@hotmail.com</a></p>
<h4></h4>
<h4> ======================================================================</h4>
<h4></h4>
<h4>Kretsmästerskap i eftersök är för 2023 avgjort idag 2023-04-30.</h4>
<p>I ett underbart väder hade vi fyra ekipage som skulle göra upp i skogen utanför Värnamo.</p>
<p>Uttagningen hade tre moment där spår provet är det som väger tungt i uttagningen.</p>
<p>De olika delmomenten var, spår prov enligt öppen klass, en del med frågor som skulle besvaras samt ett skytte moment.</p>
<p>Var och en av dem hade fått bestämma vilket viltslag man ville spåra och domaren la spåren igår (Lördag).</p>
<p>För dagen var sol och uppehåll, men en kylig vind som snurrade och ställde till det för deltagarna.</p>
<p>Samtliga ekipage har haft vilt störning i sina spår  och det var tufft för dem alla.</p>
<p>När dagens olika moment stamanställts så hade en mycket värdig vinnare korats som vann samtliga tre delmoment.</p>
<p>För 2023 är det Anders Svensson och hans Karelare Zeke som kommer att representera Värnamo Jvk i länsmästerskapen som avgörs i Nässjö trakten.</p>
<div id="attachment_488" style="width: 657px" class="wp-caption alignnone"><a href="https://krets.jagareforbundet.se/varnamo/files/2023/04/Resultat.jpg"><img loading="lazy" decoding="async" aria-describedby="caption-attachment-488" class=" wp-image-488" src="https://krets.jagareforbundet.se/varnamo/files/2023/04/Resultat-300x225.jpg" alt="" width="647" height="485" srcset="https://krets.jagareforbundet.se/varnamo/files/2023/04/Resultat-300x225.jpg 300w, https://krets.jagareforbundet.se/varnamo/files/2023/04/Resultat-1024x768.jpg 1024w, https://krets.jagareforbundet.se/varnamo/files/2023/04/Resultat-768x576.jpg 768w, https://krets.jagareforbundet.se/varnamo/files/2023/04/Resultat-1536x1152.jpg 1536w, https://krets.jagareforbundet.se/varnamo/files/2023/04/Resultat.jpg 2016w" sizes="auto, (max-width: 647px) 100vw, 647px" /></a><p id="caption-attachment-488" class="wp-caption-text">1:a Anders Svensson<br />2:a Björn Bergén<br />3:a Hans-Henrik Flöystrup<br />4:a Sabine Dinning<br />Domare: Mattias Lundberg</p></div>
<h4> Tack till alla deltagare och domare</h4>
<h4>Kretsmästerskap i skytte på Aspö skjutbana 12/8 är avgjort</h4>
<p>1 plats, Jacob lidén 104p</p>
<p>2 plats Emil Olsson 103p</p>
<p>3 plats Patrik Thor 102p</p>
<p>Bästa veteran Rolf Barkman</p>
<p>Bästa Old Boys Anders Svensson</p>
<div id="attachment_506" style="width: 310px" class="wp-caption alignnone"><a href="https://krets.jagareforbundet.se/varnamo/files/2023/08/Kretsmasterskap-alla.jpg"><img loading="lazy" decoding="async" aria-describedby="caption-attachment-506" class="size-medium wp-image-506" src="https://krets.jagareforbundet.se/varnamo/files/2023/08/Kretsmasterskap-alla-300x225.jpg" alt="" width="300" height="225" srcset="https://krets.jagareforbundet.se/varnamo/files/2023/08/Kretsmasterskap-alla-300x225.jpg 300w, https://krets.jagareforbundet.se/varnamo/files/2023/08/Kretsmasterskap-alla.jpg 750w" sizes="auto, (max-width: 300px) 100vw, 300px" /></a><p id="caption-attachment-506" class="wp-caption-text">Deltagare kretsmästerskap</p></div>
<div id="attachment_507" style="width: 235px" class="wp-caption alignnone"><a href="https://krets.jagareforbundet.se/varnamo/files/2023/08/Kretsmasterskap-vinnare.jpg"><img loading="lazy" decoding="async" aria-describedby="caption-attachment-507" class="size-medium wp-image-507" src="https://krets.jagareforbundet.se/varnamo/files/2023/08/Kretsmasterskap-vinnare-225x300.jpg" alt="" width="225" height="300" srcset="https://krets.jagareforbundet.se/varnamo/files/2023/08/Kretsmasterskap-vinnare-225x300.jpg 225w, https://krets.jagareforbundet.se/varnamo/files/2023/08/Kretsmasterskap-vinnare.jpg 750w" sizes="auto, (max-width: 225px) 100vw, 225px" /></a><p id="caption-attachment-507" class="wp-caption-text">Jacob, Emil, Patrik</p></div>
<p>==========================================================================================</p>
<h3>23/10-22 har <a class="x1i10hfl xjbqb8w x6umtig x1b1mbwd xaqea5y xav7gou x9f619 x1ypdohk xt0psk2 xe8uvvx xdj266r x11i5rnm xat24cr x1mh8g0r xexx8yu x4uap5 x18d9i69 xkhd6sd x16tdsg8 x1hl2dhg xggy1nq x1a2a7pz xt0b8zv x1qq9wsj xo1l8bm" role="link" href="https://www.facebook.com/vmo.jaktvardskrets/?__cft__[0]=AZXYPECb2pRHxXQPYo6ElxCkKqlFSiV5rCfh_GOgoN2Ucm1yRI2Xepdbal8RSzNwvEWF_XYh8EqL_ll2c35R91HhuryQQOlN7dnY7oh6-vNI1VOqhy7lVAyXTfPbYOLziAOjHqtRKZrWydSWBsqwlEWEE2ABbmi-2bqIrnMIc79HXikjPL1Hg4CqLckcx2dDg3w&amp;__tn__=kK-R"><span class="xt0psk2">Svenska Jägareförbundet Värnamo</span></a> haft en jaktdag för kvinnor/tjejer ihop med Jussö jaktlag utanför Värnamo. Bra hundarbete och mycket hundskall bjöd dagens tre såter på. Tyvärr var det inga djur som gick i pass för dagen men det gjorde absolut ingenting då Jussö jaktlag bjöd på en riktigt god Gulaschsoppa vid lunch.</h3>
<p><a href="https://krets.jagareforbundet.se/varnamo/files/2022/11/Deltagare.jpg"><img loading="lazy" decoding="async" class="alignnone size-medium wp-image-463" src="https://krets.jagareforbundet.se/varnamo/files/2022/11/Deltagare-300x225.jpg" alt="" width="300" height="225" srcset="https://krets.jagareforbundet.se/varnamo/files/2022/11/Deltagare-300x225.jpg 300w, https://krets.jagareforbundet.se/varnamo/files/2022/11/Deltagare-1024x768.jpg 1024w, https://krets.jagareforbundet.se/varnamo/files/2022/11/Deltagare-768x576.jpg 768w, https://krets.jagareforbundet.se/varnamo/files/2022/11/Deltagare-1536x1152.jpg 1536w, https://krets.jagareforbundet.se/varnamo/files/2022/11/Deltagare.jpg 2048w" sizes="auto, (max-width: 300px) 100vw, 300px" /></a> <a href="https://krets.jagareforbundet.se/varnamo/files/2022/11/Lunch.jpg"><img loading="lazy" decoding="async" class="alignnone size-medium wp-image-464" src="https://krets.jagareforbundet.se/varnamo/files/2022/11/Lunch-300x225.jpg" alt="" width="300" height="225" srcset="https://krets.jagareforbundet.se/varnamo/files/2022/11/Lunch-300x225.jpg 300w, https://krets.jagareforbundet.se/varnamo/files/2022/11/Lunch-1024x768.jpg 1024w, https://krets.jagareforbundet.se/varnamo/files/2022/11/Lunch-768x576.jpg 768w, https://krets.jagareforbundet.se/varnamo/files/2022/11/Lunch-1536x1152.jpg 1536w, https://krets.jagareforbundet.se/varnamo/files/2022/11/Lunch.jpg 2048w" sizes="auto, (max-width: 300px) 100vw, 300px" /></a></p>
<p>&nbsp;</p>
<p class="title entry-title">INBJUDAN TILL JAKT FÖR KVINNLIGA JÄGARE</p>
</header>
<section class="entry"><strong>Småviltsjakt</strong></section>
<section><strong>FULLBOKAT</strong></section>
<section class="entry">Den  23/10 kommer vi kunna erbjuda småviltsjakt tillsammans med ett jaktlag i trakten av Värnamo.Kostnad för detta är 100:-/person och per jakttillfälle.Max deltagare per gång är 10 st och anmälan är ”först till kvarn” .Då antalet är begränsat är vi tacksamma om man avanmäler sig vid förhinder så någon annan kan få chansen.Vid  fullt deltagarantal så kommer ni få information om tid och plats samt utrustning (radio/pejl osv).Anmälan under &#8221;evenemang&#8221;</section>

<p>Eftersökskurs/Spårkurs 10/9-2023 Då vi hade ett enormt bra utfall på förra årets kurs med Helena öppnar vi nu upp för ytterligare en &#8221;nybörjar&#8221; kurs. Alla med hund som vill lära sig mer om spår träning är välkomna att anmäla sig till denna kurs. Plats och klockslag återkopplas efter anmälan, senaste anmälningsdatum är 27/8. Anmälan/Frågor görs [&hellip;]</p>
