{"id":140,"date":"2019-08-26T17:16:33","date_gmt":"2019-08-26T15:16:33","guid":{"rendered":"https:\/\/krets.jagareforbundet.se\/vasterbergslagen\/?page_id=140"},"modified":"2026-01-22T19:01:50","modified_gmt":"2026-01-22T18:01:50","slug":"styrelsen","status":"publish","type":"page","link":"https:\/\/krets.jagareforbundet.se\/vasterbergslagen\/styrelsen\/","title":{"rendered":"Kretsens styrelse"},"content":{"rendered":"<p>&nbsp;<\/p>\n<table style=\"height: 755px\" width=\"623\">\n<tbody>\n<tr>\n<td width=\"\">Ordf\u00f6rande<\/td>\n<td width=\"\"><a href=\"mailto:torbjorn.andersson74@telia.com\" rel=\"noopener noreferrer\">Torbj\u00f6rn Andersson<\/a><\/td>\n<td width=\"\">070 &#8211; 60 43 146<\/td>\n<\/tr>\n<tr>\n<td width=\"\">Sekreterare<\/td>\n<td width=\"\">Peter Risberg<\/td>\n<td width=\"\"><\/td>\n<\/tr>\n<tr>\n<td width=\"\">Kass\u00f6r<\/td>\n<td width=\"\">Olof L\u00e5ngberg<\/td>\n<td width=\"\"><\/td>\n<\/tr>\n<tr>\n<td width=\"\">Ledamot<\/td>\n<td width=\"\">Peter Moen<\/td>\n<td width=\"\"><\/td>\n<\/tr>\n<tr>\n<td width=\"\">Ledamot<\/td>\n<td width=\"\">Karin Ahlb\u00e4ck<\/td>\n<td width=\"\"><\/td>\n<\/tr>\n<tr>\n<td width=\"\">Ledamot<\/td>\n<td width=\"\">Daniel Danielsson<\/td>\n<td width=\"\"><\/td>\n<\/tr>\n<tr>\n<td width=\"\">Ledamot<\/td>\n<td width=\"\">Mattias Strandberg<\/td>\n<td width=\"\"><\/td>\n<\/tr>\n<tr>\n<td width=\"\">Suppleant<\/td>\n<td width=\"\">Mats Cederl\u00f6f<\/td>\n<td width=\"\"><\/td>\n<\/tr>\n<tr>\n<td width=\"\">Suppleant<\/td>\n<td width=\"\">Malin L\u00f6\u00f6f<\/td>\n<td width=\"\"><\/td>\n<\/tr>\n<tr>\n<td width=\"\">Revisor<\/td>\n<td width=\"\">Kjell-Ola Bergstr\u00f6m<\/td>\n<td width=\"\"><\/td>\n<\/tr>\n<tr>\n<td width=\"\">Revisor<\/td>\n<td width=\"\">Anders Karlsson<\/td>\n<td width=\"\"><\/td>\n<\/tr>\n<tr>\n<td width=\"\">Revisor &#8211; suppleant<\/td>\n<td width=\"\">Fredrik Remes<\/td>\n<td width=\"\"><\/td>\n<\/tr>\n<tr>\n<td width=\"\">Revisor &#8211; suppleant<\/td>\n<td width=\"\">Anders Hjernberg<\/td>\n<td width=\"\"><\/td>\n<\/tr>\n<tr>\n<td width=\"\">Valberedning &#8211; sammankallande<\/td>\n<td width=\"\">Kjell-Ola Bergstr\u00f6m<\/td>\n<td width=\"\"><\/td>\n<\/tr>\n<tr>\n<td width=\"\">Valberedning<\/td>\n<td width=\"\">Fredrik Perols<\/td>\n<td width=\"\"><\/td>\n<\/tr>\n<tr>\n<td width=\"\">Valberedning<\/td>\n<td width=\"\">Kent-Ove Inge<\/td>\n<td width=\"\"><\/td>\n<\/tr>\n<tr>\n<td width=\"\">Adjungerad Fiskev\u00e5rdsf\u00f6reningarna<\/td>\n<td width=\"\">Sven-Olof Johansson<\/td>\n<td width=\"\"><\/td>\n<\/tr>\n<tr>\n<td width=\"\">Adjungerad LRF<\/td>\n<td width=\"\">Johan Persson<\/td>\n<td width=\"\"><\/td>\n<\/tr>\n<tr>\n<td width=\"\">Adjungerad rovdjursansvarig<\/td>\n<td width=\"\">Ingemar Hellstr\u00f6m<\/td>\n<td width=\"\"><\/td>\n<\/tr>\n<tr>\n<td width=\"\">Hundansvarig<\/td>\n<td width=\"\">Karin Ahlb\u00e4ck<\/td>\n<td width=\"\"><\/td>\n<\/tr>\n<tr>\n<td width=\"\">NVR\/efters\u00f6k<\/td>\n<td width=\"\">Pelle Strandberg<\/td>\n<td width=\"\"><\/td>\n<\/tr>\n<tr>\n<td width=\"\">Skytteansvarig<\/td>\n<td width=\"\">Olof L\u00e5ngberg<\/td>\n<td width=\"\"><\/td>\n<\/tr>\n<tr>\n<td width=\"\">JAQT-ansvarig<\/td>\n<td width=\"\">Karin Ahlb\u00e4ck<\/td>\n<td width=\"\"><\/td>\n<\/tr>\n<tr>\n<td width=\"\">Ungdomsansvarig<\/td>\n<td width=\"\">Mattias Strandberg<\/td>\n<td width=\"\"><\/td>\n<\/tr>\n<tr>\n<td width=\"\">Ansvarig f\u00e4llor<\/td>\n<td width=\"\">Peter Risberg<\/td>\n<td width=\"\"><\/td>\n<\/tr>\n<\/tbody>\n<\/table>\n<h1>Har du en fr\u00e5ga till oss i styrelsen?<\/h1>\n<a href=\"https:\/\/krets.jagareforbundet.se\/vasterbergslagen\/kontakta-oss\/\" class=\"woo-sc-button  custom\" style=\"background:;border-color:\"><span class=\"woo-\">Kontakta oss<\/span><\/a>\n<p>&nbsp;<\/p>\n<p>&nbsp;<\/p>\n","protected":false},"excerpt":{"rendered":"<p>&nbsp; Ordf\u00f6rande Torbj\u00f6rn Andersson 070 &#8211; 60 43 146 Sekreterare Peter Risberg Kass\u00f6r Olof L\u00e5ngberg Ledamot Peter Moen Ledamot Karin Ahlb\u00e4ck Ledamot Daniel Danielsson Ledamot Mattias Strandberg Suppleant Mats Cederl\u00f6f Suppleant Malin L\u00f6\u00f6f Revisor Kjell-Ola Bergstr\u00f6m Revisor Anders Karlsson Revisor &#8211; suppleant Fredrik Remes Revisor &#8211; suppleant Anders Hjernberg Valberedning &#8211; sammankallande Kjell-Ola Bergstr\u00f6m Valberedning [&hellip;]<\/p>\n","protected":false},"author":290,"featured_media":0,"parent":0,"menu_order":0,"comment_status":"closed","ping_status":"closed","template":"","meta":{"footnotes":""},"class_list":["post-140","page","type-page","status-publish","hentry"],"_links":{"self":[{"href":"https:\/\/krets.jagareforbundet.se\/vasterbergslagen\/wp-json\/wp\/v2\/pages\/140","targetHints":{"allow":["GET"]}}],"collection":[{"href":"https:\/\/krets.jagareforbundet.se\/vasterbergslagen\/wp-json\/wp\/v2\/pages"}],"about":[{"href":"https:\/\/krets.jagareforbundet.se\/vasterbergslagen\/wp-json\/wp\/v2\/types\/page"}],"author":[{"embeddable":true,"href":"https:\/\/krets.jagareforbundet.se\/vasterbergslagen\/wp-json\/wp\/v2\/users\/290"}],"replies":[{"embeddable":true,"href":"https:\/\/krets.jagareforbundet.se\/vasterbergslagen\/wp-json\/wp\/v2\/comments?post=140"}],"version-history":[{"count":3,"href":"https:\/\/krets.jagareforbundet.se\/vasterbergslagen\/wp-json\/wp\/v2\/pages\/140\/revisions"}],"predecessor-version":[{"id":1146,"href":"https:\/\/krets.jagareforbundet.se\/vasterbergslagen\/wp-json\/wp\/v2\/pages\/140\/revisions\/1146"}],"wp:attachment":[{"href":"https:\/\/krets.jagareforbundet.se\/vasterbergslagen\/wp-json\/wp\/v2\/media?parent=140"}],"curies":[{"name":"wp","href":"https:\/\/api.w.org\/{rel}","templated":true}]}}