{"id":536,"date":"2019-09-29T19:19:32","date_gmt":"2019-09-29T17:19:32","guid":{"rendered":"https:\/\/krets.jagareforbundet.se\/vasterbergslagen\/?page_id=536"},"modified":"2026-01-22T18:42:05","modified_gmt":"2026-01-22T17:42:05","slug":"vad-har-vi-gjort","status":"publish","type":"page","link":"https:\/\/krets.jagareforbundet.se\/vasterbergslagen\/om-kretsen\/vad-har-vi-gjort\/","title":{"rendered":"Vad har vi gjort?"},"content":{"rendered":"<p>Sidan \u00e4r under uppdatering! Vi HAR gjort saker sedan 2019, men inte hunnit med att skriva om dessa h\u00e4r.<\/p>\n<p>Vad g\u00f6r ni egentligen p\u00e5 J\u00e4garef\u00f6rbundet? Vad har ni gjort under \u00e5ret? P\u00e5 denna sida blickar vi tillbaks p\u00e5 det kretsen gjort, h\u00e4r s\u00e5 samlar vi allt vi \u00e4r med och jobbar kring, \u00e4renden, aktiviteter, f\u00f6rel\u00e4sningar, stora och sm\u00e5 saker, aktuella viktiga fr\u00e5gor f\u00f6r oss och v\u00e5ra medlemmar.<\/p>\n<p><strong>2019-09-28 &#8211; 2019-09-29 | S\u00f6dra Dalarna Jakt, fiske och fritidsm\u00e4ssan 2019<\/strong><br \/>\n<em>Vi var utst\u00e4llare, bollplank och huvudpartner till m\u00e4ssan. Vi hade skyttesimulator, hornbed\u00f6mning, f\u00e5gelholkstillverkning, NVR informerade om efters\u00f6k, studiefr\u00e4mjandet om utbildningar samt Ulrika Karlsson Arne var med i v\u00e5r monter f\u00f6re och efter sin f\u00f6rel\u00e4sning p\u00e5 m\u00e4ssan.<\/em><\/p>\n<p><strong>2019-09-27 | Premi\u00e4r f\u00f6r kretsens hemsida<\/strong><br \/>\n<em>V\u00e5r viktiga kommunikationskanal \u00e4r uppdaterad och online f\u00f6r spridning av budskap och aktiviteter inom kretsen.<\/em><\/p>\n<p><strong>2019- | H\u00f6gviltjakten i Bj\u00f6rsj\u00f6<\/strong><br \/>\n<em>D\u00e4r var vi partner och lottade ut priser till de t\u00e4vlande, vi bj\u00f6d \u00e4ven p\u00e5 enklare f\u00f6rt\u00e4ring.<\/em><\/p>\n<p><strong>2019- | Bes\u00f6k hos Klenshyttans jaktlags \u00e5rsm\u00f6te<\/strong><br \/>\n<em>Vi var d\u00e4r och tr\u00e4ffade medlemmarna och lyssnade till deras verksamhet och utmaningar.<\/em><\/p>\n<p><strong>2019- | Frukostm\u00f6te i Smedjebacken<\/strong><br \/>\n<em>D\u00e4r lyfte vi information om verksamheten, efters\u00f6k och NVR samt pratade om h\u00f6stens m\u00e4ssa.<\/em><\/p>\n<p><strong>2019- | Per Bula Kristoffersson i Smedjebacken<br \/>\n<\/strong><em>Per ber\u00e4ttade om sina erfarenheter kring efters\u00f6k och tr\u00e4ning av efters\u00f6kshundar f\u00f6r v\u00e5ra hundf\u00f6rare och efters\u00f6ksj\u00e4gare.<\/em><\/p>\n<p><strong>2019- | Vildsvinsf\u00f6rel\u00e4sning i Smedjebacken<br \/>\n<\/strong><em>Tillsammans med LRF s\u00e5 anordnade vi en f\u00f6rel\u00e4sning kring vildsvin och f\u00f6rvaltningen av dem i framtiden.<\/em><\/p>\n<p><strong>2019- | Karl Hedin f\u00f6rel\u00e4sning i Ludvika<br \/>\n<\/strong><em>F\u00f6rel\u00e4sning med Karl Hedin i Ludvika d\u00e4r han ber\u00e4ttade om sina erfarenheter under \u00e5ren kring varg och myndigheter.<\/em><\/p>\n<p><strong>L\u00f6pande och saker som skett under 2019:<\/strong><\/p>\n<ul>\n<li>Vi har utvecklat hundverksamheten och lagt en bra planering f\u00f6r 2020, d\u00e4r bland annat sp\u00e5rtr\u00e4ning, dofttr\u00e4ning samt utbildning v\u00e5rd i det vilda ska genomf\u00f6ras.<\/li>\n<li>Vi har f\u00f6rt en n\u00e4ra dialog med polismyndigheten, l\u00e4nsf\u00f6reningen och l\u00e4nsansvariga kring NVR-verksamheten inom Smedjebackens kommun.<\/li>\n<li>Vi har medlemmar med i viltdelegationen f\u00f6r L\u00e4nsstyrelsen Dalarna. F\u00f6r att l\u00e4sa om delegationens arbete och protokoll <a href=\"https:\/\/www.lansstyrelsen.se\/dalarna\/privat\/jakt-och-fiske\/jakt-och-viltvard.html#0\" target=\"_blank\" rel=\"noopener noreferrer\">klicka h\u00e4r<\/a>.<\/li>\n<li>Gemensamma ink\u00f6p av saltstenar och fodermajs fr\u00e5n Granng\u00e5rden i Smedjebacken.<\/li>\n<li>Samarbete och fina erbjuden samt rabatterade saker hos Interjakt i Borl\u00e4nge.<\/li>\n<li>Styrelsebeslut om att finansiera fem cesiumprov p\u00e5 grisar i den \u00f6stra delen av kretsen f\u00f6r att se om det finns m\u00f6jlighet till h\u00f6g cesiumhalt i vildsvinsk\u00f6ttet.<\/li>\n<li>Styrelsen har haft fyra styrelsem\u00f6te d\u00e4r totalt 80 beslut har tagits.<\/li>\n<li>Vi har st\u00f6ttat L\u00e4nsstyrelsen Dalarnas varginventering med att koordinerat utl\u00e4mningsplatser av provr\u00f6r, dessa utl\u00e4mningsplatser \u00e4r Ica B\u00e4rkehallen S\u00f6derb\u00e4rke, Bengt Ask Bj\u00f6rsj\u00f6, Torbj\u00f6rn Andersson Sn\u00f6\u00e5n och Villa Gladtj\u00e4rn.<\/li>\n<\/ul>\n","protected":false},"excerpt":{"rendered":"<p>Sidan \u00e4r under uppdatering! Vi HAR gjort saker sedan 2019, men inte hunnit med att skriva om dessa h\u00e4r. Vad g\u00f6r ni egentligen p\u00e5 J\u00e4garef\u00f6rbundet? Vad har ni gjort under \u00e5ret? P\u00e5 denna sida blickar vi tillbaks p\u00e5 det kretsen gjort, h\u00e4r s\u00e5 samlar vi allt vi \u00e4r med och jobbar kring, \u00e4renden, aktiviteter, f\u00f6rel\u00e4sningar, [&hellip;]<\/p>\n","protected":false},"author":290,"featured_media":0,"parent":200,"menu_order":0,"comment_status":"closed","ping_status":"closed","template":"","meta":{"footnotes":""},"class_list":["post-536","page","type-page","status-publish","hentry"],"_links":{"self":[{"href":"https:\/\/krets.jagareforbundet.se\/vasterbergslagen\/wp-json\/wp\/v2\/pages\/536","targetHints":{"allow":["GET"]}}],"collection":[{"href":"https:\/\/krets.jagareforbundet.se\/vasterbergslagen\/wp-json\/wp\/v2\/pages"}],"about":[{"href":"https:\/\/krets.jagareforbundet.se\/vasterbergslagen\/wp-json\/wp\/v2\/types\/page"}],"author":[{"embeddable":true,"href":"https:\/\/krets.jagareforbundet.se\/vasterbergslagen\/wp-json\/wp\/v2\/users\/290"}],"replies":[{"embeddable":true,"href":"https:\/\/krets.jagareforbundet.se\/vasterbergslagen\/wp-json\/wp\/v2\/comments?post=536"}],"version-history":[{"count":3,"href":"https:\/\/krets.jagareforbundet.se\/vasterbergslagen\/wp-json\/wp\/v2\/pages\/536\/revisions"}],"predecessor-version":[{"id":1144,"href":"https:\/\/krets.jagareforbundet.se\/vasterbergslagen\/wp-json\/wp\/v2\/pages\/536\/revisions\/1144"}],"up":[{"embeddable":true,"href":"https:\/\/krets.jagareforbundet.se\/vasterbergslagen\/wp-json\/wp\/v2\/pages\/200"}],"wp:attachment":[{"href":"https:\/\/krets.jagareforbundet.se\/vasterbergslagen\/wp-json\/wp\/v2\/media?parent=536"}],"curies":[{"name":"wp","href":"https:\/\/api.w.org\/{rel}","templated":true}]}}