{"id":341,"date":"2025-01-11T12:59:31","date_gmt":"2025-01-11T11:59:31","guid":{"rendered":"https:\/\/krets.jagareforbundet.se\/vasterviksnorra\/?page_id=341"},"modified":"2026-04-16T15:39:21","modified_gmt":"2026-04-16T13:39:21","slug":"jaktmassa-akerholms-sateri-17-maj-2025-utstallare","status":"publish","type":"page","link":"https:\/\/krets.jagareforbundet.se\/vasterviksnorra\/jaktmassa-akerholms-sateri-17-maj-2025-utstallare\/","title":{"rendered":"Jaktm\u00e4ssa \u00c5kerholms s\u00e4teri 28 augusti 2027 \u2013 utst\u00e4llare"},"content":{"rendered":"<p>Den 28 augusti 2027 bjuder V\u00e4sterviks Norra och V\u00e4sterviks S\u00f6dra jaktv\u00e5rdskretsar p\u00e5 nytt in till stor jaktm\u00e4ssa p\u00e5 \u00c5kerholms s\u00e4teri i Lofta, utanf\u00f6r Gamleby. M\u00e4ssan 2025 lockade\u00a0 2000 bes\u00f6kare och \u00e4r efterl\u00e4ngtad av j\u00e4gare och friluftsm\u00e4nniskor i regionen.<\/p>\n<p>M\u00e4ssans marknadsf\u00f6rs i J\u00e4garf\u00f6rbundets kanaler i Kalmar och \u00d6sterg\u00f6tland, och n\u00e5r j\u00e4garf\u00f6rbundets alla medlemmar i hela Kalmar och \u00d6sterg\u00f6tlands l\u00e4n. Annonser i lokalpress (VT, Vimmerby tidning och Corren), pressmeddelanden till press och relevant branschmedia lokalt, regionalt och nationellt, affischering och p\u00e5 digitala sk\u00e4rmar i n\u00e4romr\u00e5det, med mera. Genom att delta f\u00e5r ditt f\u00f6retag del av den marknadsf\u00f6ring som m\u00e4ssan genomf\u00f6r, vilket ger \u00f6kad synlighet.<\/p>\n<p>H\u00e4r ger vi information till f\u00f6retag, klubbar och organisationer som vill st\u00e4lla ut och delta p\u00e5 m\u00e4ssan.<\/p>\n<p><strong>Varf\u00f6r st\u00e4lla ut p\u00e5 m\u00e4ssan?<\/strong> <a href=\"https:\/\/krets.jagareforbundet.se\/vasterviksnorra\/jaktmassa-akerholms-sateri-17-maj-2025-utstallare\/att-stalla-ut-pa-massan-kan-ge-manga-fordelar-for-ditt-foretag-2\/\" rel=\"attachment wp-att-373\">Att st\u00e4lla ut p\u00e5 m\u00e4ssan kan ge m\u00e5nga f\u00f6rdelar f\u00f6r ditt f\u00f6retag<\/a><\/p>\n<p>Information:<br \/>\nDatum: 28 augusti 2027<br \/>\nTid: kl. 10-16<\/p>\n<p>Kategorier utst\u00e4llare; jakt, fiske, hund, outdoor, ideell verksamhet samt matutst\u00e4llare.<br \/>\nArrang\u00f6rsgruppen best\u00e5r av styrelse och engagerade medlemmar i V\u00e4sterviks s\u00f6dra och V\u00e4sterviks norra jaktv\u00e5rdskretsar. Arrang\u00f6rsgruppen beslutar om utst\u00e4llare, besked ges l\u00f6pande, allra senast siste mars.<br \/>\nVi rekommenderar en tidig anm\u00e4lan f\u00f6r att utst\u00e4llare ska f\u00f6rs\u00e4kra sig om en plats p\u00e5 m\u00e4ssan.<\/p>\n<p>Fr\u00e5gor, mer information, kontakta:<br \/>\nPelle Frisell 070-5521090<\/p>\n<p>&nbsp;<\/p>\n<p><em><strong>Information fr\u00e5n 2025, kommer att uppdateras:<\/strong><\/em><\/p>\n<p>Utst\u00e4llaranm\u00e4lan g\u00f6rs p\u00e5 f\u00f6ljande l\u00e4nk:\u00a0 <em>kommer senare<\/em><br \/>\nAnm\u00e4lningsavgift 500:-, \u00e5terbetalas ej vid avbokning.<\/p>\n<p>Kostnad f\u00f6r monterplats (ren markyta, utst\u00e4llare bygger sin egen monter, tar med eget t\u00e4lt osv):<br \/>\n3&#215;3 meter kommersiell utst\u00e4llare 3000:-<br \/>\n3&#215;3 meter matutst\u00e4llare 3500:-<br \/>\n3&#215;3 meter ideell verksamhet 500:-<br \/>\n3&#215;3 meter medlem reko-ring lokalt 1500:-<br \/>\n6&#215;3 meter\u00a0 5000:-<br \/>\n9X3 meter\u00a0 7000:-<br \/>\n12&#215;3 meter 9000:-<\/p>\n<p>El 220 volt ing\u00e5r, kostnad f\u00f6r 3-fas 500:-<\/p>\n<p>Tv\u00e5 matbiljetter per monter, ing\u00e5r i monterkostnaden.<\/p>\n<p>S\u00e4rskilda hygienutrymmen f\u00f6r matutst\u00e4llare med servering.<\/p>\n<p>Uppackning: 16 maj kl 12-18, samt 17 maj kl 07.30-09.30.<br \/>\nKl 9.30 ska alla montrar vara klara och m\u00e4ssan redo f\u00f6r bes\u00f6kare.<\/p>\n<p>Nerpackning: absolut INGEN nerpackning innan st\u00e4ngning. Vi ska ge alla bes\u00f6kare samma fina utbud, hela m\u00e4ssans \u00f6ppettider.<\/p>\n<p>Beh\u00f6ver ni boende i n\u00e4rheten av m\u00e4ssan s\u00e5 kan vi rekommendera<br \/>\n<a href=\"https:\/\/campa.se\/kustcamp-gamleby\/\">https:\/\/campa.se\/kustcamp-gamleby\/<\/a><\/p>\n<p>Fr\u00e5gor, mer information, kontakta:<br \/>\nPelle Frisell 070-5521090<\/p>\n","protected":false},"excerpt":{"rendered":"<p>Den 28 augusti 2027 bjuder V\u00e4sterviks Norra och V\u00e4sterviks S\u00f6dra jaktv\u00e5rdskretsar p\u00e5 nytt in till stor jaktm\u00e4ssa p\u00e5 \u00c5kerholms s\u00e4teri i Lofta, utanf\u00f6r Gamleby. M\u00e4ssan 2025 lockade\u00a0 2000 bes\u00f6kare och \u00e4r efterl\u00e4ngtad av j\u00e4gare och friluftsm\u00e4nniskor i regionen. M\u00e4ssans marknadsf\u00f6rs i J\u00e4garf\u00f6rbundets kanaler i Kalmar och \u00d6sterg\u00f6tland, och n\u00e5r j\u00e4garf\u00f6rbundets alla medlemmar i hela Kalmar [&hellip;]<\/p>\n","protected":false},"author":95,"featured_media":464,"parent":0,"menu_order":6,"comment_status":"closed","ping_status":"closed","template":"","meta":{"footnotes":""},"class_list":["post-341","page","type-page","status-publish","has-post-thumbnail","hentry"],"_links":{"self":[{"href":"https:\/\/krets.jagareforbundet.se\/vasterviksnorra\/wp-json\/wp\/v2\/pages\/341","targetHints":{"allow":["GET"]}}],"collection":[{"href":"https:\/\/krets.jagareforbundet.se\/vasterviksnorra\/wp-json\/wp\/v2\/pages"}],"about":[{"href":"https:\/\/krets.jagareforbundet.se\/vasterviksnorra\/wp-json\/wp\/v2\/types\/page"}],"author":[{"embeddable":true,"href":"https:\/\/krets.jagareforbundet.se\/vasterviksnorra\/wp-json\/wp\/v2\/users\/95"}],"replies":[{"embeddable":true,"href":"https:\/\/krets.jagareforbundet.se\/vasterviksnorra\/wp-json\/wp\/v2\/comments?post=341"}],"version-history":[{"count":3,"href":"https:\/\/krets.jagareforbundet.se\/vasterviksnorra\/wp-json\/wp\/v2\/pages\/341\/revisions"}],"predecessor-version":[{"id":538,"href":"https:\/\/krets.jagareforbundet.se\/vasterviksnorra\/wp-json\/wp\/v2\/pages\/341\/revisions\/538"}],"wp:featuredmedia":[{"embeddable":true,"href":"https:\/\/krets.jagareforbundet.se\/vasterviksnorra\/wp-json\/wp\/v2\/media\/464"}],"wp:attachment":[{"href":"https:\/\/krets.jagareforbundet.se\/vasterviksnorra\/wp-json\/wp\/v2\/media?parent=341"}],"curies":[{"name":"wp","href":"https:\/\/api.w.org\/{rel}","templated":true}]}}

Jaktmässa Åkerholms säteri 28 augusti 2027 – utställare

<p>Den 28 augusti 2027 bjuder Västerviks Norra och Västerviks Södra jaktvårdskretsar på nytt in till stor jaktmässa på Åkerholms säteri i Lofta, utanför Gamleby. Mässan 2025 lockade  2000 besökare och är efterlängtad av jägare och friluftsmänniskor i regionen.</p>
<p>Mässans marknadsförs i Jägarförbundets kanaler i Kalmar och Östergötland, och når jägarförbundets alla medlemmar i hela Kalmar och Östergötlands län. Annonser i lokalpress (VT, Vimmerby tidning och Corren), pressmeddelanden till press och relevant branschmedia lokalt, regionalt och nationellt, affischering och på digitala skärmar i närområdet, med mera. Genom att delta får ditt företag del av den marknadsföring som mässan genomför, vilket ger ökad synlighet.</p>
<p>Här ger vi information till företag, klubbar och organisationer som vill ställa ut och delta på mässan.</p>
<p><strong>Varför ställa ut på mässan?</strong> <a href="https://krets.jagareforbundet.se/vasterviksnorra/jaktmassa-akerholms-sateri-17-maj-2025-utstallare/att-stalla-ut-pa-massan-kan-ge-manga-fordelar-for-ditt-foretag-2/" rel="attachment wp-att-373">Att ställa ut på mässan kan ge många fördelar för ditt företag</a></p>
<p>Information:<br />
Datum: 28 augusti 2027<br />
Tid: kl. 10-16</p>
<p>Kategorier utställare; jakt, fiske, hund, outdoor, ideell verksamhet samt matutställare.<br />
Arrangörsgruppen består av styrelse och engagerade medlemmar i Västerviks södra och Västerviks norra jaktvårdskretsar. Arrangörsgruppen beslutar om utställare, besked ges löpande, allra senast siste mars.<br />
Vi rekommenderar en tidig anmälan för att utställare ska försäkra sig om en plats på mässan.</p>
<p>Frågor, mer information, kontakta:<br />
Pelle Frisell 070-5521090</p>
<p>&nbsp;</p>
<p><em><strong>Information från 2025, kommer att uppdateras:</strong></em></p>
<p>Utställaranmälan görs på följande länk:  <em>kommer senare</em><br />
Anmälningsavgift 500:-, återbetalas ej vid avbokning.</p>
<p>Kostnad för monterplats (ren markyta, utställare bygger sin egen monter, tar med eget tält osv):<br />
3&#215;3 meter kommersiell utställare 3000:-<br />
3&#215;3 meter matutställare 3500:-<br />
3&#215;3 meter ideell verksamhet 500:-<br />
3&#215;3 meter medlem reko-ring lokalt 1500:-<br />
6&#215;3 meter  5000:-<br />
9X3 meter  7000:-<br />
12&#215;3 meter 9000:-</p>
<p>El 220 volt ingår, kostnad för 3-fas 500:-</p>
<p>Två matbiljetter per monter, ingår i monterkostnaden.</p>
<p>Särskilda hygienutrymmen för matutställare med servering.</p>
<p>Uppackning: 16 maj kl 12-18, samt 17 maj kl 07.30-09.30.<br />
Kl 9.30 ska alla montrar vara klara och mässan redo för besökare.</p>
<p>Nerpackning: absolut INGEN nerpackning innan stängning. Vi ska ge alla besökare samma fina utbud, hela mässans öppettider.</p>
<p>Behöver ni boende i närheten av mässan så kan vi rekommendera<br />
<a href="https://campa.se/kustcamp-gamleby/">https://campa.se/kustcamp-gamleby/</a></p>
<p>Frågor, mer information, kontakta:<br />
Pelle Frisell 070-5521090</p>

<p>Den 28 augusti 2027 bjuder Västerviks Norra och Västerviks Södra jaktvårdskretsar på nytt in till stor jaktmässa på Åkerholms säteri i Lofta, utanför Gamleby. Mässan 2025 lockade  2000 besökare och är efterlängtad av jägare och friluftsmänniskor i regionen. Mässans marknadsförs i Jägarförbundets kanaler i Kalmar och Östergötland, och når jägarförbundets alla medlemmar i hela Kalmar [&hellip;]</p>
