{"id":150,"date":"2017-12-05T13:13:02","date_gmt":"2017-12-05T12:13:02","guid":{"rendered":"https:\/\/krets.jagareforbundet.se\/vastervikssodra\/?page_id=150"},"modified":"2020-12-29T23:29:54","modified_gmt":"2020-12-29T22:29:54","slug":"intyg-av-otjanlighet-av-falld-alg-och-kronhjort","status":"publish","type":"page","link":"https:\/\/krets.jagareforbundet.se\/vastervikssodra\/intyg-av-otjanlighet-av-falld-alg-och-kronhjort\/","title":{"rendered":"Intyg av otj\u00e4nlighet av f\u00e4lld \u00e4lg och kronhjort"},"content":{"rendered":"<p>&nbsp;<\/p>\n<p>Douglas Sj\u00f6str\u00f6m (070 352 04 70) har av l\u00e4nsstyrelsen meddelats beh\u00f6righet att utf\u00e4rda intyg f\u00f6r \u00e4lg och kronhjort vilka bed\u00f6ms som vara otj\u00e4nliga till m\u00e4nniskof\u00f6da.<\/p>\n<p><a href=\"http:\/\/www.jagareforbundet.org\/kalmar\/vasterviksodra\/images\/2014_lstintygomotjanlighetavfalldalg.pdf\" target=\"_blank\" rel=\"noopener noreferrer\">Klicka h\u00e4r<\/a> s\u00e5 kan du l\u00e4sa l\u00e4nsstyrelsens beslut med regler och anvisningar. Bl.a. f\u00e5r de inte utf\u00e4rda intyg i de jaktlag d\u00e4r de ing\u00e5r.<\/p>\n<p>\u200cH\u00e4r listas namn, telefonnummer och ort till \u00e4lgkasserare i Kalmar l\u00e4n:<\/p>\n<p>Mattias Klingstedt 073-837 11 68 Gamleby<br \/>\nDouglas Sj\u00f6str\u00f6m 070-352 04 70 V\u00e4stervik<br \/>\nSven-Erik Johansson 070-404 81 42 S\u00f6dra Vi<br \/>\nBill Nelson 076-835 03 20 Vimmerby<br \/>\nEbbe K\u00e4llstr\u00f6m 070-560 97 99 Hultsfred<br \/>\nTorbj\u00f6rn Karlsson 070-342 05 71 M\u00e5lilla<br \/>\nAndreas Svensson 070-320 47 97 Oskarshamn<br \/>\nBirger Fransson 076-046 42 12 Fliseryd<br \/>\nGermund Eriksson 070-899 98 88 Gullabo<br \/>\nBerth Bertilsson 070-895 77 99 Eriksm\u00e5la<br \/>\nMattias Hammarsten 070-421 91 65 L\u00f6ttorp<br \/>\nBenny Bj\u00f6rklund 076-627 53 21 M\u00f6rbyl\u00e5nga<br \/>\nMarcus Karlsson-Sj\u00f6berg 070-830 66 81 H\u00f6gsby<br \/>\nMarcus Gunnarsson 070-977 93 83 P\u00e5ryd<\/p>\n","protected":false},"excerpt":{"rendered":"<p>&nbsp; Douglas Sj\u00f6str\u00f6m (070 352 04 70) har av l\u00e4nsstyrelsen meddelats beh\u00f6righet att utf\u00e4rda intyg f\u00f6r \u00e4lg och kronhjort vilka bed\u00f6ms som vara otj\u00e4nliga till m\u00e4nniskof\u00f6da. Klicka h\u00e4r s\u00e5 kan du l\u00e4sa l\u00e4nsstyrelsens beslut med regler och anvisningar. Bl.a. f\u00e5r de inte utf\u00e4rda intyg i de jaktlag d\u00e4r de ing\u00e5r. \u200cH\u00e4r listas namn, telefonnummer och [&hellip;]<\/p>\n","protected":false},"author":226,"featured_media":0,"parent":0,"menu_order":2,"comment_status":"closed","ping_status":"closed","template":"","meta":{"jetpack_post_was_ever_published":false,"footnotes":""},"class_list":["post-150","page","type-page","status-publish","hentry"],"_links":{"self":[{"href":"https:\/\/krets.jagareforbundet.se\/vastervikssodra\/wp-json\/wp\/v2\/pages\/150","targetHints":{"allow":["GET"]}}],"collection":[{"href":"https:\/\/krets.jagareforbundet.se\/vastervikssodra\/wp-json\/wp\/v2\/pages"}],"about":[{"href":"https:\/\/krets.jagareforbundet.se\/vastervikssodra\/wp-json\/wp\/v2\/types\/page"}],"author":[{"embeddable":true,"href":"https:\/\/krets.jagareforbundet.se\/vastervikssodra\/wp-json\/wp\/v2\/users\/226"}],"replies":[{"embeddable":true,"href":"https:\/\/krets.jagareforbundet.se\/vastervikssodra\/wp-json\/wp\/v2\/comments?post=150"}],"version-history":[{"count":2,"href":"https:\/\/krets.jagareforbundet.se\/vastervikssodra\/wp-json\/wp\/v2\/pages\/150\/revisions"}],"predecessor-version":[{"id":332,"href":"https:\/\/krets.jagareforbundet.se\/vastervikssodra\/wp-json\/wp\/v2\/pages\/150\/revisions\/332"}],"wp:attachment":[{"href":"https:\/\/krets.jagareforbundet.se\/vastervikssodra\/wp-json\/wp\/v2\/media?parent=150"}],"curies":[{"name":"wp","href":"https:\/\/api.w.org\/{rel}","templated":true}]}}