{"id":168,"date":"2017-12-08T16:03:25","date_gmt":"2017-12-08T15:03:25","guid":{"rendered":"https:\/\/krets.jagareforbundet.se\/vastervikssodra\/?page_id=168"},"modified":"2019-05-17T21:02:14","modified_gmt":"2019-05-17T19:02:14","slug":"fadderjakt","status":"publish","type":"page","link":"https:\/\/krets.jagareforbundet.se\/vastervikssodra\/fadderjakt\/","title":{"rendered":"Fadderjakt"},"content":{"rendered":"<p>&nbsp;<\/p>\n<p>F\u00f6r att f\u00e5 in nya j\u00e4gare och ungdomar som har intresse av jakt vill vi ha kontakt med alla jaktlag som \u00e4r intresserade att ta emot faddrar. Anm\u00e4l er till Johan Dagn\u00e4s som \u00e4r ansvarig f\u00f6r fadderverksamheten <a href=\"mailto:dagnas@telia.com\">h\u00e4r<\/a><\/p>\n<p>\u00c4ven om ni anm\u00e4lt er tidigare ta en ny kontakt och beskriv var jakten bedrivs och hur m\u00e5nga ni kan ta emot.<\/p>\n","protected":false},"excerpt":{"rendered":"<p>&nbsp; F\u00f6r att f\u00e5 in nya j\u00e4gare och ungdomar som har intresse av jakt vill vi ha kontakt med alla jaktlag som \u00e4r intresserade att ta emot faddrar. Anm\u00e4l er till Johan Dagn\u00e4s som \u00e4r ansvarig f\u00f6r fadderverksamheten h\u00e4r \u00c4ven om ni anm\u00e4lt er tidigare ta en ny kontakt och beskriv var jakten bedrivs och [&hellip;]<\/p>\n","protected":false},"author":226,"featured_media":0,"parent":0,"menu_order":10,"comment_status":"closed","ping_status":"closed","template":"","meta":{"jetpack_post_was_ever_published":false,"footnotes":""},"class_list":["post-168","page","type-page","status-publish","hentry"],"_links":{"self":[{"href":"https:\/\/krets.jagareforbundet.se\/vastervikssodra\/wp-json\/wp\/v2\/pages\/168","targetHints":{"allow":["GET"]}}],"collection":[{"href":"https:\/\/krets.jagareforbundet.se\/vastervikssodra\/wp-json\/wp\/v2\/pages"}],"about":[{"href":"https:\/\/krets.jagareforbundet.se\/vastervikssodra\/wp-json\/wp\/v2\/types\/page"}],"author":[{"embeddable":true,"href":"https:\/\/krets.jagareforbundet.se\/vastervikssodra\/wp-json\/wp\/v2\/users\/226"}],"replies":[{"embeddable":true,"href":"https:\/\/krets.jagareforbundet.se\/vastervikssodra\/wp-json\/wp\/v2\/comments?post=168"}],"version-history":[{"count":1,"href":"https:\/\/krets.jagareforbundet.se\/vastervikssodra\/wp-json\/wp\/v2\/pages\/168\/revisions"}],"predecessor-version":[{"id":221,"href":"https:\/\/krets.jagareforbundet.se\/vastervikssodra\/wp-json\/wp\/v2\/pages\/168\/revisions\/221"}],"wp:attachment":[{"href":"https:\/\/krets.jagareforbundet.se\/vastervikssodra\/wp-json\/wp\/v2\/media?parent=168"}],"curies":[{"name":"wp","href":"https:\/\/api.w.org\/{rel}","templated":true}]}}