{"id":219,"date":"2019-05-17T11:46:19","date_gmt":"2019-05-17T09:46:19","guid":{"rendered":"https:\/\/krets.jagareforbundet.se\/vastervikssodra\/?page_id=219"},"modified":"2021-02-10T08:25:32","modified_gmt":"2021-02-10T07:25:32","slug":"rapportering-av-rovdjur","status":"publish","type":"page","link":"https:\/\/krets.jagareforbundet.se\/vastervikssodra\/rapportering-av-rovdjur\/","title":{"rendered":"Rapportering av rovdjur"},"content":{"rendered":"<p>Sp\u00e5rsn\u00f6 (eller synobs)?<br \/>\nD\u00e5 vill vi uppmana till att h\u00e5lla koll efter sp\u00e5r p\u00e5 rovdjur. Ett ypperligt och v\u00e4lbeh\u00f6vligt tillf\u00e4lle att rapportera in era observationer. Kan inte nog trycka p\u00e5 om vikten i det f\u00f6r att vi ska f\u00e5 till en reglerad jakt. Dela g\u00e4rna informationen s\u00e5 att vi kommer fram\u00e5t i detta. Era observationer \u00e4r ytterst viktiga! Gl\u00f6m inte det.<br \/>\nTack f\u00f6r all hj\u00e4lp.<\/p>\n<p>Observationer av sp\u00e5r eller rovdjur kan rapporteras till l\u00e4nsstyrelsen via Skandobs. Antingen via appen eller via hemsidan <a title=\"l\u00e4nk till annan webbplats\" href=\"http:\/\/www.skandobs.se\/\" target=\"_blank\" rel=\"noopener noreferrer\">www.skandobs.se<\/a><\/p>\n<p>H\u00e4r l\u00e4gger L\u00e4snstyrelsen ut kvalitetss\u00e4krade observationer av varg samt skador p\u00e5 tamdjur orsakade av rovdjur:<br \/>\n<a href=\"https:\/\/www.lansstyrelsen.se\/kalmar\/privat\/jakt-och-fiske\/jakt-och-viltvard\/rovdjur\/rovdjurshandelser.html\" target=\"_blank\" rel=\"noopener noreferrer\">https:\/\/www.lansstyrelsen.se\/kalmar\/privat\/jakt-och-fiske\/jakt-och-viltvard\/rovdjur\/rovdjurshandelser.html<\/a><\/p>\n<p><a href=\"https:\/\/krets.jagareforbundet.se\/vastervikssodra\/files\/2017\/12\/rovdjursinventering.pdf\" target=\"_blank\" rel=\"noopener noreferrer\">Inventering av stora rovdjur \u2013 Varg och Lo<\/a>\u00a0L\u00e4s info fr\u00e5n L\u00e4nsstyrelsen<\/p>\n","protected":false},"excerpt":{"rendered":"<p>Sp\u00e5rsn\u00f6 (eller synobs)? D\u00e5 vill vi uppmana till att h\u00e5lla koll efter sp\u00e5r p\u00e5 rovdjur. Ett ypperligt och v\u00e4lbeh\u00f6vligt tillf\u00e4lle att rapportera in era observationer. Kan inte nog trycka p\u00e5 om vikten i det f\u00f6r att vi ska f\u00e5 till en reglerad jakt. Dela g\u00e4rna informationen s\u00e5 att vi kommer fram\u00e5t i detta. Era observationer [&hellip;]<\/p>\n","protected":false},"author":226,"featured_media":220,"parent":0,"menu_order":1,"comment_status":"closed","ping_status":"closed","template":"","meta":{"jetpack_post_was_ever_published":false,"footnotes":""},"class_list":["post-219","page","type-page","status-publish","has-post-thumbnail","hentry"],"_links":{"self":[{"href":"https:\/\/krets.jagareforbundet.se\/vastervikssodra\/wp-json\/wp\/v2\/pages\/219","targetHints":{"allow":["GET"]}}],"collection":[{"href":"https:\/\/krets.jagareforbundet.se\/vastervikssodra\/wp-json\/wp\/v2\/pages"}],"about":[{"href":"https:\/\/krets.jagareforbundet.se\/vastervikssodra\/wp-json\/wp\/v2\/types\/page"}],"author":[{"embeddable":true,"href":"https:\/\/krets.jagareforbundet.se\/vastervikssodra\/wp-json\/wp\/v2\/users\/226"}],"replies":[{"embeddable":true,"href":"https:\/\/krets.jagareforbundet.se\/vastervikssodra\/wp-json\/wp\/v2\/comments?post=219"}],"version-history":[{"count":1,"href":"https:\/\/krets.jagareforbundet.se\/vastervikssodra\/wp-json\/wp\/v2\/pages\/219\/revisions"}],"predecessor-version":[{"id":355,"href":"https:\/\/krets.jagareforbundet.se\/vastervikssodra\/wp-json\/wp\/v2\/pages\/219\/revisions\/355"}],"wp:featuredmedia":[{"embeddable":true,"href":"https:\/\/krets.jagareforbundet.se\/vastervikssodra\/wp-json\/wp\/v2\/media\/220"}],"wp:attachment":[{"href":"https:\/\/krets.jagareforbundet.se\/vastervikssodra\/wp-json\/wp\/v2\/media?parent=219"}],"curies":[{"name":"wp","href":"https:\/\/api.w.org\/{rel}","templated":true}]}}