{"id":141,"date":"2014-01-23T20:48:31","date_gmt":"2014-01-23T19:48:31","guid":{"rendered":"https:\/\/krets.jagareforbundet.se\/vattholma\/?page_id=141"},"modified":"2026-03-19T19:45:54","modified_gmt":"2026-03-19T18:45:54","slug":"bjorntorps-skjutbana","status":"publish","type":"page","link":"https:\/\/krets.jagareforbundet.se\/vattholma\/bjorntorps-skjutbana\/","title":{"rendered":"Bj\u00f6rntorps Skjutbana 2026"},"content":{"rendered":"<div id=\"attachment_412\" style=\"width: 641px\" class=\"wp-caption aligncenter\"><a href=\"https:\/\/krets.jagareforbundet.se\/vattholma\/files\/2019\/04\/bjorntorp-skeet.jpg\"><img loading=\"lazy\" decoding=\"async\" aria-describedby=\"caption-attachment-412\" class=\"wp-image-412 \" src=\"https:\/\/krets.jagareforbundet.se\/vattholma\/files\/2019\/04\/bjorntorp-skeet-1024x680.jpg\" alt=\"\" width=\"631\" height=\"419\" srcset=\"https:\/\/krets.jagareforbundet.se\/vattholma\/files\/2019\/04\/bjorntorp-skeet-1024x680.jpg 1024w, https:\/\/krets.jagareforbundet.se\/vattholma\/files\/2019\/04\/bjorntorp-skeet-300x199.jpg 300w, https:\/\/krets.jagareforbundet.se\/vattholma\/files\/2019\/04\/bjorntorp-skeet-768x510.jpg 768w\" sizes=\"auto, (max-width: 631px) 100vw, 631px\" \/><\/a><p id=\"caption-attachment-412\" class=\"wp-caption-text\">Bj\u00f6rntorps Skeetbana\u00a0samt 80 meters bana f\u00f6r kulskytte. Utnyttja banan f\u00f6r ditt \u00f6vningsskytte och inskjutning av studsaren. Vattholma JVK Foto Yngvee<\/p><\/div>\n<h2><span style=\"color: #003300;font-size: x-large\">\u00d6ppet tider samt evenemang 2026.\u00a0<\/span><\/h2>\n<div>\n<div>Bj\u00f6rntorp \u00f6ppnar den 8\/4 kl 18.00 sen \u00e4r banan \u00f6ppen f\u00f6r skeetskytte varje onsdag till den 9\/9 d\u00e5 banan st\u00e4nger.<\/div>\n<div><\/div>\n<div>Bj\u00f6rnpasset \u00e4r den 30\/7 kl 18.00, ingen anm\u00e4lan.<\/div>\n<div><\/div>\n<div>Den 15\/8 tjej och ungdomstr\u00e4ff 12.00 anm\u00e4lan till n\u00e5gon i <a href=\"https:\/\/krets.jagareforbundet.se\/vattholma\/funktionarer-3\/\">skytte kommitt\u00e9n<\/a> senast 12\/8<\/div>\n<div><\/div>\n<div>Den 29\/8 KM kl 12.00 anm\u00e4lan till n\u00e5gon i <a href=\"https:\/\/krets.jagareforbundet.se\/vattholma\/funktionarer-3\/\">skytte kommitt\u00e9n<\/a> senast 26\/8.<\/div>\n<\/div>\n<p><strong>Torsdagar fr\u00e5n kl 12:00 \u00e4r banan tillg\u00e4nglig f\u00f6r inskjutning av kulvapen, om inte torsdagen infaller p\u00e5 en r\u00f6d dag.<\/strong><\/p>\n<p><span style=\"color: #003300\"><strong>J\u00e4garskola<\/strong><\/span> &#8211; ingen j\u00e4garskola \u00e4r planerad f\u00f6r 2026<\/p>\n<p>&nbsp;<\/p>\n<p>&nbsp;<\/p>\n<div id=\"attachment_466\" style=\"width: 307px\" class=\"wp-caption aligncenter\"><a href=\"https:\/\/krets.jagareforbundet.se\/vattholma\/files\/2019\/08\/DSC_0247.jpg\"><img loading=\"lazy\" decoding=\"async\" aria-describedby=\"caption-attachment-466\" class=\"wp-image-466\" src=\"https:\/\/krets.jagareforbundet.se\/vattholma\/files\/2019\/08\/DSC_0247-1024x680.jpg\" alt=\"Foto Yngvee\" width=\"297\" height=\"197\" srcset=\"https:\/\/krets.jagareforbundet.se\/vattholma\/files\/2019\/08\/DSC_0247-1024x680.jpg 1024w, https:\/\/krets.jagareforbundet.se\/vattholma\/files\/2019\/08\/DSC_0247-300x199.jpg 300w, https:\/\/krets.jagareforbundet.se\/vattholma\/files\/2019\/08\/DSC_0247-768x510.jpg 768w\" sizes=\"auto, (max-width: 297px) 100vw, 297px\" \/><\/a><p id=\"caption-attachment-466\" class=\"wp-caption-text\">Foto Yngvee<\/p><\/div>\n<p>&nbsp;<\/p>\n<p><span style=\"color: #003300;font-size: x-large\"><b>Jaktskyttetr\u00e4ning.<\/b>\u00a0<\/span><\/p>\n<p><span style=\"color: #ff0000\">Jaktlagsledare<\/span> ta m\u00f6jligheterna och <span style=\"color: #ff0000\">boka en kv\u00e4ll<\/span> p\u00e5 skjutbanan tillsammans <span style=\"color: #ff0000\">med jaktlaget<\/span>. Tr\u00e4na, skjut och umg\u00e5s under gemytliga f\u00f6rh\u00e5llanden. Vi tar ingen hyra f\u00f6r banan, d\u00e4remot f\u00f6r lerduvorna och hagelammunition kan k\u00f6pas vid banan.<\/p>\n<p>Har ni fr\u00e5gor eller vill boka banan\u00a0ring eller <a href=\"mailto:leif.janestam@gmail.com\">maila\u00a0Leif Janestam tel<\/a>. 0705557656\u00a0 eller <a href=\"mailto:thomas.018314212.jansson@telia.com\">maila Thomas Jansson<\/a>\u00a0tel. 0707388043<\/p>\n<p>Vid de normala \u00f6ppettiderna \u00e4r du \u00e4ven v\u00e4lkommen att bedriva jaktskyttetr\u00e4ning under enkla och informella f\u00f6rh\u00e5llanden. Utnyttja dessa m\u00f6jligheter till skyttetr\u00e4ning!<\/p>\n<div id=\"attachment_404\" style=\"width: 310px\" class=\"wp-caption aligncenter\"><a href=\"https:\/\/krets.jagareforbundet.se\/vattholma\/files\/2019\/04\/80m.jpg\"><img loading=\"lazy\" decoding=\"async\" aria-describedby=\"caption-attachment-404\" class=\"wp-image-404 size-medium\" src=\"https:\/\/krets.jagareforbundet.se\/vattholma\/files\/2019\/04\/80m-300x199.jpg\" alt=\"Torsdagar fr\u00e5n kl 12:00 \u00e4r banan tillg\u00e4nglig f\u00f6r inskjutning av kulvapen, om inte torsdagen infaller p\u00e5 en r\u00f6d dag.\" width=\"300\" height=\"199\" srcset=\"https:\/\/krets.jagareforbundet.se\/vattholma\/files\/2019\/04\/80m-300x199.jpg 300w, https:\/\/krets.jagareforbundet.se\/vattholma\/files\/2019\/04\/80m-768x510.jpg 768w, https:\/\/krets.jagareforbundet.se\/vattholma\/files\/2019\/04\/80m-1024x680.jpg 1024w\" sizes=\"auto, (max-width: 300px) 100vw, 300px\" \/><\/a><p id=\"caption-attachment-404\" class=\"wp-caption-text\">80m banan. Foto Yngvee<\/p><\/div>\n<h5><\/h5>\n<h5 style=\"text-align: left\"><span style=\"color: #003300;font-size: x-large\">L\u00e4ge <a href=\"https:\/\/kartor.eniro.se\/?c=60.048882,17.708990&amp;z=17&amp;l=hybrid&amp;q=%22Bj%C3%B6rntorp,%20VATTHOLMA%22;231351218;geo&amp;som=0\">Bj\u00f6rntorps skjutbana<\/a><\/span><\/h5>\n<p style=\"text-align: left\">Skjutbanan \u00e4r bel\u00e4gen utmed v\u00e4gen mellan Salsta och Tensta.<\/p>\n<p style=\"text-align: left\">\u00c5k fr\u00e5n Uppsala v\u00e4g 290 mot Vattholma och \u00d6sterbybruk. Tre kilometer efter Vattholma tag av till v\u00e4nster mot Salsta och Tensta. F\u00f6lj v\u00e4gen ca 3 km mot Tensta tills en skylt Skjutbana visar in till v\u00e4nster.<\/p>\n<p><a href=\"https:\/\/krets.jagareforbundet.se\/vattholma\/files\/2019\/03\/bjorntorp-vattholma-jvk.jpg\"><img loading=\"lazy\" decoding=\"async\" class=\"size-large wp-image-370 aligncenter\" src=\"https:\/\/krets.jagareforbundet.se\/vattholma\/files\/2019\/03\/bjorntorp-vattholma-jvk-1024x768.jpg\" alt=\"\" width=\"1024\" height=\"768\" srcset=\"https:\/\/krets.jagareforbundet.se\/vattholma\/files\/2019\/03\/bjorntorp-vattholma-jvk-1024x768.jpg 1024w, https:\/\/krets.jagareforbundet.se\/vattholma\/files\/2019\/03\/bjorntorp-vattholma-jvk-300x225.jpg 300w, https:\/\/krets.jagareforbundet.se\/vattholma\/files\/2019\/03\/bjorntorp-vattholma-jvk-768x576.jpg 768w, https:\/\/krets.jagareforbundet.se\/vattholma\/files\/2019\/03\/bjorntorp-vattholma-jvk.jpg 1600w\" sizes=\"auto, (max-width: 1024px) 100vw, 1024px\" \/><\/a><\/p>\n<p>&nbsp;<\/p>\n<h1><\/h1>\n<h1><span style=\"color: #003300;font-size: x-large\">Skjutbane funktion\u00e4rer Bj\u00f6rntorps skjutbana<\/span><\/h1>\n<table style=\"height: 239px\" border=\"0\" width=\"798\" cellpadding=\"0\">\n<tbody>\n<tr>\n<td width=\"29%\"><a href=\"mailto:leif.018350751@telia.com\">Leif Janestam<\/a><\/td>\n<td width=\"34%\">070-5557656<\/td>\n<td width=\"34%\"><\/td>\n<\/tr>\n<tr>\n<td width=\"29%\">Mats Lindqvist<\/td>\n<td width=\"34%\">073-3847494<\/td>\n<td width=\"34%\"><\/td>\n<\/tr>\n<tr>\n<td width=\"29%\"><a href=\"mailto:Mikael.Gustavsson@vattenfall.com\">Mikael Gustavsson<\/a><\/td>\n<td width=\"34%\">0730-389097<\/td>\n<td width=\"34%\"><\/td>\n<\/tr>\n<tr>\n<td width=\"29%\">Tommy Larsson<\/td>\n<td width=\"34%\">070-2690632<\/td>\n<td width=\"34%\">018-353001<\/td>\n<\/tr>\n<tr>\n<td width=\"29%\"><a href=\"mailto:thomas.018314212.jansson@telia.com\">Thomas Jansson<\/a><\/td>\n<td width=\"34%\">070-7388043<\/td>\n<td width=\"34%\"><\/td>\n<\/tr>\n<tr>\n<td width=\"29%\"><\/td>\n<td width=\"34%\"><\/td>\n<td width=\"34%\"><\/td>\n<\/tr>\n<tr>\n<td width=\"29%\"><\/td>\n<td width=\"34%\"><\/td>\n<td width=\"34%\"><\/td>\n<\/tr>\n<\/tbody>\n<\/table>\n<h4>F\u00f6r \u00e4lgbaneskytte rekommenderas Fjuckby \u00e4lgbana, som drivs av <a href=\"http:\/\/www.arentunaskytte.com\/\">\u00c4rentuna J\u00e4garklubb<\/a> samt <a href=\"https:\/\/www.facebook.com\/skuttungejvk\/?ref=page_internal\">Broddbobanan <\/a>\u00a0som drivs av Skuttunge JVK.<\/h4>\n<div id=\"attachment_457\" style=\"width: 1034px\" class=\"wp-caption aligncenter\"><a href=\"https:\/\/krets.jagareforbundet.se\/vattholma\/files\/2019\/08\/l\u00e5dan.jpg\"><img loading=\"lazy\" decoding=\"async\" aria-describedby=\"caption-attachment-457\" class=\"wp-image-457 size-large\" src=\"https:\/\/krets.jagareforbundet.se\/vattholma\/files\/2019\/08\/l\u00e5dan-1024x680.jpg\" alt=\"Foto Yngvee\" width=\"1024\" height=\"680\" srcset=\"https:\/\/krets.jagareforbundet.se\/vattholma\/files\/2019\/08\/l\u00e5dan-1024x680.jpg 1024w, https:\/\/krets.jagareforbundet.se\/vattholma\/files\/2019\/08\/l\u00e5dan-300x199.jpg 300w, https:\/\/krets.jagareforbundet.se\/vattholma\/files\/2019\/08\/l\u00e5dan-768x510.jpg 768w\" sizes=\"auto, (max-width: 1024px) 100vw, 1024px\" \/><\/a><p id=\"caption-attachment-457\" class=\"wp-caption-text\">Foto Yngvee<\/p><\/div>\n<p>&nbsp;<\/p>\n<p><a href=\"https:\/\/krets.jagareforbundet.se\/vattholma\/files\/2014\/01\/Bjorntm.gif\"><img loading=\"lazy\" decoding=\"async\" class=\"wp-image-154 aligncenter\" style=\"margin-right: 20px;margin-left: 20px\" src=\"https:\/\/krets.jagareforbundet.se\/vattholma\/files\/2014\/01\/Bjorntm.gif\" alt=\"Bjorntm\" width=\"206\" height=\"318\" \/><\/a><\/p>\n","protected":false},"excerpt":{"rendered":"<p>\u00d6ppet tider samt evenemang 2026.\u00a0 Bj\u00f6rntorp \u00f6ppnar den 8\/4 kl 18.00 sen \u00e4r banan \u00f6ppen f\u00f6r skeetskytte varje onsdag till den 9\/9 d\u00e5 banan st\u00e4nger. Bj\u00f6rnpasset \u00e4r den 30\/7 kl 18.00, ingen anm\u00e4lan. Den 15\/8 tjej och ungdomstr\u00e4ff 12.00 anm\u00e4lan till n\u00e5gon i skytte kommitt\u00e9n senast 12\/8 Den 29\/8 KM kl 12.00 anm\u00e4lan till n\u00e5gon [&hellip;]<\/p>\n","protected":false},"author":160,"featured_media":0,"parent":0,"menu_order":4,"comment_status":"open","ping_status":"closed","template":"","meta":{"footnotes":""},"class_list":["post-141","page","type-page","status-publish","hentry"],"_links":{"self":[{"href":"https:\/\/krets.jagareforbundet.se\/vattholma\/wp-json\/wp\/v2\/pages\/141","targetHints":{"allow":["GET"]}}],"collection":[{"href":"https:\/\/krets.jagareforbundet.se\/vattholma\/wp-json\/wp\/v2\/pages"}],"about":[{"href":"https:\/\/krets.jagareforbundet.se\/vattholma\/wp-json\/wp\/v2\/types\/page"}],"author":[{"embeddable":true,"href":"https:\/\/krets.jagareforbundet.se\/vattholma\/wp-json\/wp\/v2\/users\/160"}],"replies":[{"embeddable":true,"href":"https:\/\/krets.jagareforbundet.se\/vattholma\/wp-json\/wp\/v2\/comments?post=141"}],"version-history":[{"count":3,"href":"https:\/\/krets.jagareforbundet.se\/vattholma\/wp-json\/wp\/v2\/pages\/141\/revisions"}],"predecessor-version":[{"id":995,"href":"https:\/\/krets.jagareforbundet.se\/vattholma\/wp-json\/wp\/v2\/pages\/141\/revisions\/995"}],"wp:attachment":[{"href":"https:\/\/krets.jagareforbundet.se\/vattholma\/wp-json\/wp\/v2\/media?parent=141"}],"curies":[{"name":"wp","href":"https:\/\/api.w.org\/{rel}","templated":true}]}}