{"id":297,"date":"2016-02-09T12:47:59","date_gmt":"2016-02-09T11:47:59","guid":{"rendered":"https:\/\/krets.jagareforbundet.se\/vattholma\/?page_id=297"},"modified":"2026-03-04T17:58:02","modified_gmt":"2026-03-04T16:58:02","slug":"funktionarer-3","status":"publish","type":"page","link":"https:\/\/krets.jagareforbundet.se\/vattholma\/funktionarer-3\/","title":{"rendered":"Funktion\u00e4rer"},"content":{"rendered":"<h2>\u00d6vriga Funktion\u00e4rer 2023<\/h2>\n<table style=\"height: 570px\" width=\"752\">\n<tbody>\n<tr>\n<td width=\"179\">Webb\/opinion &amp; Kommunikation<\/td>\n<td width=\"201\"><a href=\"mailto:trukkas@gmail.com\">Yngve Eriksson<\/a><\/td>\n<td width=\"120\"><\/td>\n<td width=\"120\">070-6324346<\/td>\n<\/tr>\n<tr>\n<td width=\"179\">Jakt &amp; Viltf\u00f6rvaltning<\/td>\n<td width=\"201\"><a href=\"mailto:ankansoder@gmail.com\">Ann-Cathrine S\u00f6derholm<\/a><\/td>\n<td width=\"120\"><\/td>\n<td width=\"120\">070-9686558<\/td>\n<\/tr>\n<tr>\n<td width=\"179\">Utbildning<\/td>\n<td width=\"201\"><a href=\"mailto:Mikael.Gustavsson@vattenfall.com\">Mikael Gustavsson<\/a><\/td>\n<td width=\"120\"><\/td>\n<td width=\"120\">0730-389097<\/td>\n<\/tr>\n<tr>\n<td width=\"179\">JAQT \/Medlem &amp; marknad<\/td>\n<td width=\"201\"><a href=\"mailto:ankansoder@gmail.com\">Ann-Cathrine S\u00f6derholm<\/a><\/td>\n<td width=\"120\"><\/td>\n<td width=\"120\">070-9686558<\/td>\n<\/tr>\n<tr>\n<td width=\"179\">Jakthundar\/efters\u00f6k<\/td>\n<td width=\"201\">Solveig Ros\u00e9n<\/td>\n<td width=\"120\">&nbsp;<\/p>\n<p>&nbsp;<\/td>\n<td width=\"120\">0702950138<\/td>\n<\/tr>\n<tr>\n<td width=\"179\">Jaktskytte<\/td>\n<td width=\"201\"><a href=\"mailto:leif.janestam@gmail.com\">Leif Janestam<\/a><\/td>\n<td width=\"120\"><\/td>\n<td width=\"120\">070-5557656<\/td>\n<\/tr>\n<tr>\n<td width=\"179\">Skyttekommitten<\/td>\n<td width=\"201\"><a href=\"mailto:leif.janestam@gmail.com\">Leif Janestam<\/a><\/td>\n<td width=\"120\"><\/td>\n<td width=\"120\">070-5557656<\/td>\n<\/tr>\n<tr>\n<td width=\"179\"><\/td>\n<td width=\"201\">Mats Lindqvist<\/td>\n<td width=\"120\"><\/td>\n<td width=\"120\">0733847494<\/td>\n<\/tr>\n<tr>\n<td width=\"179\"><\/td>\n<td width=\"201\"><a href=\"mailto:Mikael.Gustavsson@vattenfall.com\">Mikael Gustavsson<\/a><\/td>\n<td width=\"120\">018-379003<\/td>\n<td width=\"120\">0730-389097<\/td>\n<\/tr>\n<tr>\n<td width=\"179\"><\/td>\n<td width=\"201\">Tommy Larsson<\/td>\n<td width=\"120\">018-353001<\/td>\n<td width=\"120\">0702-690632<\/td>\n<\/tr>\n<tr>\n<td width=\"179\"><\/td>\n<td width=\"201\"><a href=\"mailto:thomas.018314212.jansson@telia.com\">Thomas Jansson<\/a><\/td>\n<td width=\"120\">018-314212<\/td>\n<td width=\"120\">070-7388043<\/td>\n<\/tr>\n<tr>\n<td width=\"179\"><\/td>\n<td width=\"201\"><\/td>\n<td width=\"120\"><\/td>\n<td width=\"120\"><\/td>\n<\/tr>\n<tr>\n<td width=\"179\"><\/td>\n<td width=\"201\"><\/td>\n<td width=\"120\"><\/td>\n<td width=\"120\"><\/td>\n<\/tr>\n<tr>\n<td width=\"179\">Kontaktm\u00e4n med Polisen<\/td>\n<td width=\"201\"><a href=\"gjallarbron2@bahnhof.se\">Rolf Johansson<\/a><\/td>\n<td width=\"120\">018-352268<\/td>\n<td width=\"120\">0706-352273<\/td>\n<\/tr>\n<tr>\n<td width=\"179\">vid Viltolyckor<\/td>\n<td width=\"201\"><a href=\"mailto:eifos_82@hotmail.com\">Ulf Lindgren<\/a><\/td>\n<td width=\"120\">018353002<\/td>\n<td width=\"120\">070-3942496<\/td>\n<\/tr>\n<tr>\n<td width=\"179\"><\/td>\n<td width=\"201\">Lars Johansson<\/td>\n<td width=\"120\">072-2226574<\/td>\n<td width=\"120\"><\/td>\n<\/tr>\n<tr>\n<td width=\"179\"><\/td>\n<td width=\"201\">Bj\u00f6rn Videnberg<\/td>\n<td width=\"120\">072-2429936<\/td>\n<td width=\"120\"><\/td>\n<\/tr>\n<tr>\n<td width=\"179\"><\/td>\n<td width=\"201\">Alexander Afvenberg<\/td>\n<td width=\"120\">0703526979<\/td>\n<td width=\"120\"><\/td>\n<\/tr>\n<tr>\n<td width=\"179\"><\/td>\n<td width=\"201\">Isak Gunnarsson<\/td>\n<td width=\"120\">0734019351<\/td>\n<td width=\"120\"><\/td>\n<\/tr>\n<\/tbody>\n<\/table>\n<div id=\"attachment_409\" style=\"width: 1034px\" class=\"wp-caption aligncenter\"><a href=\"https:\/\/krets.jagareforbundet.se\/vattholma\/files\/2019\/04\/trana.jpg\"><img loading=\"lazy\" decoding=\"async\" aria-describedby=\"caption-attachment-409\" class=\"wp-image-409 size-large\" src=\"https:\/\/krets.jagareforbundet.se\/vattholma\/files\/2019\/04\/trana-1024x680.jpg\" alt=\"\" width=\"1024\" height=\"680\" srcset=\"https:\/\/krets.jagareforbundet.se\/vattholma\/files\/2019\/04\/trana-1024x680.jpg 1024w, https:\/\/krets.jagareforbundet.se\/vattholma\/files\/2019\/04\/trana-300x199.jpg 300w, https:\/\/krets.jagareforbundet.se\/vattholma\/files\/2019\/04\/trana-768x510.jpg 768w\" sizes=\"auto, (max-width: 1024px) 100vw, 1024px\" \/><\/a><p id=\"caption-attachment-409\" class=\"wp-caption-text\">Foto Anki S<\/p><\/div>\n","protected":false},"excerpt":{"rendered":"<p>\u00d6vriga Funktion\u00e4rer 2023 Webb\/opinion &amp; Kommunikation Yngve Eriksson 070-6324346 Jakt &amp; Viltf\u00f6rvaltning Ann-Cathrine S\u00f6derholm 070-9686558 Utbildning Mikael Gustavsson 0730-389097 JAQT \/Medlem &amp; marknad Ann-Cathrine S\u00f6derholm 070-9686558 Jakthundar\/efters\u00f6k Solveig Ros\u00e9n &nbsp; &nbsp; 0702950138 Jaktskytte Leif Janestam 070-5557656 Skyttekommitten Leif Janestam 070-5557656 Mats Lindqvist 0733847494 Mikael Gustavsson 018-379003 0730-389097 Tommy Larsson 018-353001 0702-690632 Thomas Jansson 018-314212 070-7388043 [&hellip;]<\/p>\n","protected":false},"author":160,"featured_media":0,"parent":0,"menu_order":0,"comment_status":"closed","ping_status":"closed","template":"","meta":{"footnotes":""},"class_list":["post-297","page","type-page","status-publish","hentry"],"_links":{"self":[{"href":"https:\/\/krets.jagareforbundet.se\/vattholma\/wp-json\/wp\/v2\/pages\/297","targetHints":{"allow":["GET"]}}],"collection":[{"href":"https:\/\/krets.jagareforbundet.se\/vattholma\/wp-json\/wp\/v2\/pages"}],"about":[{"href":"https:\/\/krets.jagareforbundet.se\/vattholma\/wp-json\/wp\/v2\/types\/page"}],"author":[{"embeddable":true,"href":"https:\/\/krets.jagareforbundet.se\/vattholma\/wp-json\/wp\/v2\/users\/160"}],"replies":[{"embeddable":true,"href":"https:\/\/krets.jagareforbundet.se\/vattholma\/wp-json\/wp\/v2\/comments?post=297"}],"version-history":[{"count":3,"href":"https:\/\/krets.jagareforbundet.se\/vattholma\/wp-json\/wp\/v2\/pages\/297\/revisions"}],"predecessor-version":[{"id":992,"href":"https:\/\/krets.jagareforbundet.se\/vattholma\/wp-json\/wp\/v2\/pages\/297\/revisions\/992"}],"wp:attachment":[{"href":"https:\/\/krets.jagareforbundet.se\/vattholma\/wp-json\/wp\/v2\/media?parent=297"}],"curies":[{"name":"wp","href":"https:\/\/api.w.org\/{rel}","templated":true}]}}